{"id":1602,"date":"2021-10-11T15:29:21","date_gmt":"2021-10-11T13:29:21","guid":{"rendered":"https:\/\/blog.unifr.ch\/create\/?page_id=1602"},"modified":"2021-12-01T15:28:00","modified_gmt":"2021-12-01T14:28:00","slug":"transferabil-it","status":"publish","type":"page","link":"https:\/\/blog.unifr.ch\/create\/transferabil-it\/","title":{"rendered":"Project Transferabil-IT"},"content":{"rendered":"<p><strong><img loading=\"lazy\" decoding=\"async\" class=\"alignnone wp-image-1611\" src=\"https:\/\/blog.unifr.ch\/create\/wp-content\/uploads\/sites\/6\/2021\/10\/transferabil-it001.png\" alt=\"\" width=\"669\" height=\"473\" \/><\/strong><\/p>\n<p>Apprendre les rudiments d&#8217;usages des environnements num\u00e9riques peut \u00eatre un formatage ou une formation. Pour viser le second, il semble \u00e0 priori n\u00e9cessaire de diversifier les environnements num\u00e9riques de travail pour tendre vers une g\u00e9n\u00e9ralisation des comp\u00e9tences d&#8217;usage. Le projet <em>Transferabil-IT<\/em> cherche \u00e0 \u00e9prouver la transf\u00e9rabilit\u00e9s des comp\u00e9tences d&#8217;usage num\u00e9rique pour orienter les choix p\u00e9dago-didactiques de l&#8217;\u00e9ducation num\u00e9rique.<\/p>\n","protected":false},"excerpt":{"rendered":"<p>Apprendre les rudiments d&#8217;usages des environnements num\u00e9riques peut \u00eatre un formatage ou une formation. Pour viser le second, il semble \u00e0 priori n\u00e9cessaire de diversifier les environnements num\u00e9riques de travail pour tendre vers une g\u00e9n\u00e9ralisation des comp\u00e9tences d&#8217;usage. Le projet Transferabil-IT cherche \u00e0 \u00e9prouver la transf\u00e9rabilit\u00e9s des comp\u00e9tences d&#8217;usage num\u00e9rique pour orienter les choix p\u00e9dago-didactiques [&hellip;]<\/p>\n","protected":false},"author":6,"featured_media":0,"parent":0,"menu_order":0,"comment_status":"closed","ping_status":"closed","template":"","meta":{"_acf_changed":false,"footnotes":""},"class_list":["post-1602","page","type-page","status-publish","hentry"],"acf":[],"yoast_head":"<!-- This site is optimized with the Yoast SEO plugin v25.3.1 - https:\/\/yoast.com\/wordpress\/plugins\/seo\/ -->\n<title>Project Transferabil-IT | CRE\/ATE<\/title>\n<meta name=\"robots\" content=\"index, follow, max-snippet:-1, max-image-preview:large, max-video-preview:-1\" \/>\n<link rel=\"canonical\" href=\"https:\/\/blog.unifr.ch\/create\/transferabil-it\/\" \/>\n<meta property=\"og:locale\" content=\"en_US\" \/>\n<meta property=\"og:type\" content=\"article\" \/>\n<meta property=\"og:title\" content=\"Project Transferabil-IT | CRE\/ATE\" \/>\n<meta property=\"og:description\" content=\"Apprendre les rudiments d&#8217;usages des environnements num\u00e9riques peut \u00eatre un formatage ou une formation. Pour viser le second, il semble \u00e0 priori n\u00e9cessaire de diversifier les environnements num\u00e9riques de travail pour tendre vers une g\u00e9n\u00e9ralisation des comp\u00e9tences d&#8217;usage. Le projet Transferabil-IT cherche \u00e0 \u00e9prouver la transf\u00e9rabilit\u00e9s des comp\u00e9tences d&#8217;usage num\u00e9rique pour orienter les choix p\u00e9dago-didactiques [&hellip;]\" \/>\n<meta property=\"og:url\" content=\"https:\/\/blog.unifr.ch\/create\/transferabil-it\/\" \/>\n<meta property=\"og:site_name\" content=\"CRE\/ATE\" \/>\n<meta property=\"article:modified_time\" content=\"2021-12-01T14:28:00+00:00\" \/>\n<meta property=\"og:image\" content=\"https:\/\/blog.unifr.ch\/create\/wp-content\/uploads\/sites\/6\/2021\/10\/transferabil-it001.png\" \/>\n<meta name=\"twitter:card\" content=\"summary_large_image\" \/>\n<script type=\"application\/ld+json\" class=\"yoast-schema-graph\">{\"@context\":\"https:\/\/schema.org\",\"@graph\":[{\"@type\":\"WebPage\",\"@id\":\"https:\/\/blog.unifr.ch\/create\/transferabil-it\/\",\"url\":\"https:\/\/blog.unifr.ch\/create\/transferabil-it\/\",\"name\":\"Project Transferabil-IT | CRE\/ATE\",\"isPartOf\":{\"@id\":\"https:\/\/blog.unifr.ch\/create\/#website\"},\"primaryImageOfPage\":{\"@id\":\"https:\/\/blog.unifr.ch\/create\/transferabil-it\/#primaryimage\"},\"image\":{\"@id\":\"https:\/\/blog.unifr.ch\/create\/transferabil-it\/#primaryimage\"},\"thumbnailUrl\":\"https:\/\/blog.unifr.ch\/create\/wp-content\/uploads\/sites\/6\/2021\/10\/transferabil-it001.png\",\"datePublished\":\"2021-10-11T13:29:21+00:00\",\"dateModified\":\"2021-12-01T14:28:00+00:00\",\"breadcrumb\":{\"@id\":\"https:\/\/blog.unifr.ch\/create\/transferabil-it\/#breadcrumb\"},\"inLanguage\":\"en-US\",\"potentialAction\":[{\"@type\":\"ReadAction\",\"target\":[\"https:\/\/blog.unifr.ch\/create\/transferabil-it\/\"]}]},{\"@type\":\"ImageObject\",\"inLanguage\":\"en-US\",\"@id\":\"https:\/\/blog.unifr.ch\/create\/transferabil-it\/#primaryimage\",\"url\":\"https:\/\/blog.unifr.ch\/create\/wp-content\/uploads\/2021\/10\/transferabil-it001.png\",\"contentUrl\":\"https:\/\/blog.unifr.ch\/create\/wp-content\/uploads\/2021\/10\/transferabil-it001.png\",\"width\":1790,\"height\":1254},{\"@type\":\"BreadcrumbList\",\"@id\":\"https:\/\/blog.unifr.ch\/create\/transferabil-it\/#breadcrumb\",\"itemListElement\":[{\"@type\":\"ListItem\",\"position\":1,\"name\":\"Accueil\",\"item\":\"https:\/\/blog.unifr.ch\/create\/\"},{\"@type\":\"ListItem\",\"position\":2,\"name\":\"Project Transferabil-IT\"}]},{\"@type\":\"WebSite\",\"@id\":\"https:\/\/blog.unifr.ch\/create\/#website\",\"url\":\"https:\/\/blog.unifr.ch\/create\/\",\"name\":\"CRE\/ATE\",\"description\":\"Vers des pratiques r\u00e9fl\u00e9chies du num\u00e9rique en \u00e9ducation | Auf dem Weg zu durchdachten Praktiken der digitalen Technologie im Bildungswesen | Towards thoughtful practices of digital technology in education\",\"publisher\":{\"@id\":\"https:\/\/blog.unifr.ch\/create\/#organization\"},\"potentialAction\":[{\"@type\":\"SearchAction\",\"target\":{\"@type\":\"EntryPoint\",\"urlTemplate\":\"https:\/\/blog.unifr.ch\/create\/?s={search_term_string}\"},\"query-input\":{\"@type\":\"PropertyValueSpecification\",\"valueRequired\":true,\"valueName\":\"search_term_string\"}}],\"inLanguage\":\"en-US\"},{\"@type\":\"Organization\",\"@id\":\"https:\/\/blog.unifr.ch\/create\/#organization\",\"name\":\"CRE\/ATE\",\"url\":\"https:\/\/blog.unifr.ch\/create\/\",\"logo\":{\"@type\":\"ImageObject\",\"inLanguage\":\"en-US\",\"@id\":\"https:\/\/blog.unifr.ch\/create\/#\/schema\/logo\/image\/\",\"url\":\"https:\/\/blog.unifr.ch\/create\/wp-content\/uploads\/sites\/6\/2019\/05\/logo-square.jpg\",\"contentUrl\":\"https:\/\/blog.unifr.ch\/create\/wp-content\/uploads\/sites\/6\/2019\/05\/logo-square.jpg\",\"width\":500,\"height\":500,\"caption\":\"CRE\/ATE\"},\"image\":{\"@id\":\"https:\/\/blog.unifr.ch\/create\/#\/schema\/logo\/image\/\"}}]}<\/script>\n<!-- \/ Yoast SEO plugin. -->","yoast_head_json":{"title":"Project Transferabil-IT | CRE\/ATE","robots":{"index":"index","follow":"follow","max-snippet":"max-snippet:-1","max-image-preview":"max-image-preview:large","max-video-preview":"max-video-preview:-1"},"canonical":"https:\/\/blog.unifr.ch\/create\/transferabil-it\/","og_locale":"en_US","og_type":"article","og_title":"Project Transferabil-IT | CRE\/ATE","og_description":"Apprendre les rudiments d&#8217;usages des environnements num\u00e9riques peut \u00eatre un formatage ou une formation. Pour viser le second, il semble \u00e0 priori n\u00e9cessaire de diversifier les environnements num\u00e9riques de travail pour tendre vers une g\u00e9n\u00e9ralisation des comp\u00e9tences d&#8217;usage. Le projet Transferabil-IT cherche \u00e0 \u00e9prouver la transf\u00e9rabilit\u00e9s des comp\u00e9tences d&#8217;usage num\u00e9rique pour orienter les choix p\u00e9dago-didactiques [&hellip;]","og_url":"https:\/\/blog.unifr.ch\/create\/transferabil-it\/","og_site_name":"CRE\/ATE","article_modified_time":"2021-12-01T14:28:00+00:00","og_image":[{"url":"https:\/\/blog.unifr.ch\/create\/wp-content\/uploads\/sites\/6\/2021\/10\/transferabil-it001.png","type":"","width":"","height":""}],"twitter_card":"summary_large_image","schema":{"@context":"https:\/\/schema.org","@graph":[{"@type":"WebPage","@id":"https:\/\/blog.unifr.ch\/create\/transferabil-it\/","url":"https:\/\/blog.unifr.ch\/create\/transferabil-it\/","name":"Project Transferabil-IT | CRE\/ATE","isPartOf":{"@id":"https:\/\/blog.unifr.ch\/create\/#website"},"primaryImageOfPage":{"@id":"https:\/\/blog.unifr.ch\/create\/transferabil-it\/#primaryimage"},"image":{"@id":"https:\/\/blog.unifr.ch\/create\/transferabil-it\/#primaryimage"},"thumbnailUrl":"https:\/\/blog.unifr.ch\/create\/wp-content\/uploads\/sites\/6\/2021\/10\/transferabil-it001.png","datePublished":"2021-10-11T13:29:21+00:00","dateModified":"2021-12-01T14:28:00+00:00","breadcrumb":{"@id":"https:\/\/blog.unifr.ch\/create\/transferabil-it\/#breadcrumb"},"inLanguage":"en-US","potentialAction":[{"@type":"ReadAction","target":["https:\/\/blog.unifr.ch\/create\/transferabil-it\/"]}]},{"@type":"ImageObject","inLanguage":"en-US","@id":"https:\/\/blog.unifr.ch\/create\/transferabil-it\/#primaryimage","url":"https:\/\/blog.unifr.ch\/create\/wp-content\/uploads\/2021\/10\/transferabil-it001.png","contentUrl":"https:\/\/blog.unifr.ch\/create\/wp-content\/uploads\/2021\/10\/transferabil-it001.png","width":1790,"height":1254},{"@type":"BreadcrumbList","@id":"https:\/\/blog.unifr.ch\/create\/transferabil-it\/#breadcrumb","itemListElement":[{"@type":"ListItem","position":1,"name":"Accueil","item":"https:\/\/blog.unifr.ch\/create\/"},{"@type":"ListItem","position":2,"name":"Project Transferabil-IT"}]},{"@type":"WebSite","@id":"https:\/\/blog.unifr.ch\/create\/#website","url":"https:\/\/blog.unifr.ch\/create\/","name":"CRE\/ATE","description":"Vers des pratiques r\u00e9fl\u00e9chies du num\u00e9rique en \u00e9ducation | Auf dem Weg zu durchdachten Praktiken der digitalen Technologie im Bildungswesen | Towards thoughtful practices of digital technology in education","publisher":{"@id":"https:\/\/blog.unifr.ch\/create\/#organization"},"potentialAction":[{"@type":"SearchAction","target":{"@type":"EntryPoint","urlTemplate":"https:\/\/blog.unifr.ch\/create\/?s={search_term_string}"},"query-input":{"@type":"PropertyValueSpecification","valueRequired":true,"valueName":"search_term_string"}}],"inLanguage":"en-US"},{"@type":"Organization","@id":"https:\/\/blog.unifr.ch\/create\/#organization","name":"CRE\/ATE","url":"https:\/\/blog.unifr.ch\/create\/","logo":{"@type":"ImageObject","inLanguage":"en-US","@id":"https:\/\/blog.unifr.ch\/create\/#\/schema\/logo\/image\/","url":"https:\/\/blog.unifr.ch\/create\/wp-content\/uploads\/sites\/6\/2019\/05\/logo-square.jpg","contentUrl":"https:\/\/blog.unifr.ch\/create\/wp-content\/uploads\/sites\/6\/2019\/05\/logo-square.jpg","width":500,"height":500,"caption":"CRE\/ATE"},"image":{"@id":"https:\/\/blog.unifr.ch\/create\/#\/schema\/logo\/image\/"}}]}},"_links":{"self":[{"href":"https:\/\/blog.unifr.ch\/create\/wp-json\/wp\/v2\/pages\/1602","targetHints":{"allow":["GET"]}}],"collection":[{"href":"https:\/\/blog.unifr.ch\/create\/wp-json\/wp\/v2\/pages"}],"about":[{"href":"https:\/\/blog.unifr.ch\/create\/wp-json\/wp\/v2\/types\/page"}],"author":[{"embeddable":true,"href":"https:\/\/blog.unifr.ch\/create\/wp-json\/wp\/v2\/users\/6"}],"replies":[{"embeddable":true,"href":"https:\/\/blog.unifr.ch\/create\/wp-json\/wp\/v2\/comments?post=1602"}],"version-history":[{"count":9,"href":"https:\/\/blog.unifr.ch\/create\/wp-json\/wp\/v2\/pages\/1602\/revisions"}],"predecessor-version":[{"id":1654,"href":"https:\/\/blog.unifr.ch\/create\/wp-json\/wp\/v2\/pages\/1602\/revisions\/1654"}],"wp:attachment":[{"href":"https:\/\/blog.unifr.ch\/create\/wp-json\/wp\/v2\/media?parent=1602"}],"curies":[{"name":"wp","href":"https:\/\/api.w.org\/{rel}","templated":true}]}}