{"id":4,"date":"2022-10-18T11:05:59","date_gmt":"2022-10-18T09:05:59","guid":{"rendered":"https:\/\/blog.unifr.ch\/create\/?page_id=4"},"modified":"2025-06-10T15:43:47","modified_gmt":"2025-06-10T13:43:47","slug":"cre-ate","status":"publish","type":"page","link":"https:\/\/blog.unifr.ch\/create\/","title":{"rendered":"CRE\/ATE"},"content":{"rendered":"<h5>La cr\u00e9ation de la nouvelle Facult\u00e9 des Sciences de l&#8217;Education et de la Formation (EduForm) de l&#8217;Unifr am\u00e8ne de nombreuses opportunit\u00e9s. Parmi elles, celle de repenser les finalit\u00e9s et l&#8217;organisation du CRE\/ATE qui, pour des raisons r\u00e8glementaires, ne pourra plus se nommer ainsi, le terme &#8220;centre&#8221; \u00e9tant r\u00e9serv\u00e9 \u00e0 d&#8217;autres usages. Le dynamisme de l&#8217;\u00e9quipe ne s&#8217;arr\u00eate donc pas, mais reprendra de plus belle prochainement, sous une autre forme, avec un r\u00e9seau plus large, mais toujours avec une volont\u00e9 humaniste de penser la num\u00e9risation de l&#8217;\u00e9ducation et de la formation.<\/h5>\n<h5><span style=\"color: #204060\">Die Gr\u00fcndung der neuen Fakult\u00e4t f\u00fcr Erziehungs- und Bildungswissenschaften (EduForm) an der Unifr er\u00f6ffnet eine Reihe von M\u00f6glichkeiten. Unter anderem bietet sich die Gelegenheit, den Zweck und die Organisation des CRE\/ATE zu \u00fcberdenken, das aus regulatorischen Gr\u00fcnden nicht mehr unter diesem Namen gef\u00fchrt werden kann, da der Begriff \u00abZentrum\u00bb f\u00fcr andere Zwecke reserviert ist. Die Dynamik des Teams wird daher unvermindert anhalten und bald in neuer Form wieder aufgenommen werden, mit einem breiteren Netzwerk, aber weiterhin mit einem humanistischen Engagement f\u00fcr die Auseinandersetzung mit der Digitalisierung der Bildung und Ausbildung.<\/span><\/h5>\n<h5><span style=\"color: #206090\">The establishment of the new Faculty of Education and Training Sciences (EduForm) at Unifr presents a range of opportunities. Among the points raised is the opportunity to rethink the purpose and organization of CRE\/ATE, which, for regulatory reasons, can no longer be called by that name, as the term &#8220;centre&#8221; is reserved for other uses. The team&#8217;s dynamism will therefore continue unabated and will soon resume in a new form, with a broader network, but still with a humanistic commitment to thinking about the digitization of education and training.<\/span><\/h5>\n<p>&nbsp;<\/p>\n<h6 style=\"text-align: right\"><strong>Vers <\/strong><strong>une num\u00e9risation r\u00e9fl\u00e9chie<\/strong><strong> en \u00e9ducation et formation<br \/>\n<\/strong><\/h6>\n<h6 style=\"text-align: right\"><strong><span style=\"color: #204060\">Auf dem Weg zu durchdachten Digitalisierung in Bildungswesen<\/span><\/strong><\/h6>\n<h6 style=\"text-align: right\"><strong><span style=\"color: #206090\">Towards a thoughtful digitalization in education<\/span><\/strong><\/h6>\n","protected":false},"excerpt":{"rendered":"<p>La cr\u00e9ation de la nouvelle Facult\u00e9 des Sciences de l&#8217;Education et de la Formation (EduForm) de l&#8217;Unifr am\u00e8ne de nombreuses opportunit\u00e9s. Parmi elles, celle de repenser les finalit\u00e9s et l&#8217;organisation du CRE\/ATE qui, pour des raisons r\u00e8glementaires, ne pourra plus se nommer ainsi, le terme &#8220;centre&#8221; \u00e9tant r\u00e9serv\u00e9 \u00e0 d&#8217;autres usages. Le dynamisme de l&#8217;\u00e9quipe [&hellip;]<\/p>\n","protected":false},"author":6,"featured_media":50,"parent":0,"menu_order":0,"comment_status":"closed","ping_status":"closed","template":"","meta":{"_acf_changed":false,"footnotes":""},"class_list":["post-4","page","type-page","status-publish","has-post-thumbnail","hentry"],"acf":[],"yoast_head":"<!-- This site is optimized with the Yoast SEO plugin v25.3.1 - https:\/\/yoast.com\/wordpress\/plugins\/seo\/ -->\n<title>CRE\/ATE blog - Digital&amp;Education research&amp;implementation (HEP|PH FR)<\/title>\n<meta name=\"description\" content=\"digital technology research &amp; implementation in mandatory education (U. for teacher education) \u2013 Towards a thoughtful use of digital technology in education\" \/>\n<meta name=\"robots\" content=\"index, follow, max-snippet:-1, max-image-preview:large, max-video-preview:-1\" \/>\n<link rel=\"canonical\" href=\"https:\/\/blog.unifr.ch\/create\/\" \/>\n<meta property=\"og:locale\" content=\"en_US\" \/>\n<meta property=\"og:type\" content=\"article\" \/>\n<meta property=\"og:title\" content=\"CRE\/ATE blog - Digital&amp;Education research&amp;implementation (HEP|PH FR)\" \/>\n<meta property=\"og:description\" content=\"digital technology research &amp; implementation in mandatory education (U. for teacher education) \u2013 Towards a thoughtful use of digital technology in education\" \/>\n<meta property=\"og:url\" content=\"https:\/\/blog.unifr.ch\/create\/\" \/>\n<meta property=\"og:site_name\" content=\"CRE\/ATE\" \/>\n<meta property=\"article:modified_time\" content=\"2025-06-10T13:43:47+00:00\" \/>\n<meta property=\"og:image\" content=\"https:\/\/blog.unifr.ch\/create\/wp-content\/uploads\/sites\/6\/2019\/04\/create-logo.png\" \/>\n\t<meta property=\"og:image:width\" content=\"400\" \/>\n\t<meta property=\"og:image:height\" content=\"239\" \/>\n\t<meta property=\"og:image:type\" content=\"image\/png\" \/>\n<meta name=\"twitter:card\" content=\"summary_large_image\" \/>\n<meta name=\"twitter:label1\" content=\"Est. reading time\" \/>\n\t<meta name=\"twitter:data1\" content=\"6 minutes\" \/>\n<script type=\"application\/ld+json\" class=\"yoast-schema-graph\">{\"@context\":\"https:\/\/schema.org\",\"@graph\":[{\"@type\":\"WebPage\",\"@id\":\"https:\/\/blog.unifr.ch\/create\/\",\"url\":\"https:\/\/blog.unifr.ch\/create\/\",\"name\":\"CRE\/ATE blog - Digital&Education research&implementation (HEP|PH FR)\",\"isPartOf\":{\"@id\":\"https:\/\/blog.unifr.ch\/create\/#website\"},\"primaryImageOfPage\":{\"@id\":\"https:\/\/blog.unifr.ch\/create\/#primaryimage\"},\"image\":{\"@id\":\"https:\/\/blog.unifr.ch\/create\/#primaryimage\"},\"thumbnailUrl\":\"https:\/\/blog.unifr.ch\/create\/wp-content\/uploads\/2019\/04\/create-logo.png\",\"datePublished\":\"2022-10-18T09:05:59+00:00\",\"dateModified\":\"2025-06-10T13:43:47+00:00\",\"description\":\"digital technology research & implementation in mandatory education (U. for teacher education) \u2013 Towards a thoughtful use of digital technology in education\",\"breadcrumb\":{\"@id\":\"https:\/\/blog.unifr.ch\/create\/#breadcrumb\"},\"inLanguage\":\"en-US\",\"potentialAction\":[{\"@type\":\"ReadAction\",\"target\":[\"https:\/\/blog.unifr.ch\/create\/\"]}]},{\"@type\":\"ImageObject\",\"inLanguage\":\"en-US\",\"@id\":\"https:\/\/blog.unifr.ch\/create\/#primaryimage\",\"url\":\"https:\/\/blog.unifr.ch\/create\/wp-content\/uploads\/2019\/04\/create-logo.png\",\"contentUrl\":\"https:\/\/blog.unifr.ch\/create\/wp-content\/uploads\/2019\/04\/create-logo.png\",\"width\":400,\"height\":239},{\"@type\":\"BreadcrumbList\",\"@id\":\"https:\/\/blog.unifr.ch\/create\/#breadcrumb\",\"itemListElement\":[{\"@type\":\"ListItem\",\"position\":1,\"name\":\"Accueil\",\"item\":\"https:\/\/blog.unifr.ch\/create\/\"},{\"@type\":\"ListItem\",\"position\":2,\"name\":\"CRE\/ATE\"}]},{\"@type\":\"WebSite\",\"@id\":\"https:\/\/blog.unifr.ch\/create\/#website\",\"url\":\"https:\/\/blog.unifr.ch\/create\/\",\"name\":\"CRE\/ATE\",\"description\":\"Vers des pratiques r\u00e9fl\u00e9chies du num\u00e9rique en \u00e9ducation | Auf dem Weg zu durchdachten Praktiken der digitalen Technologie im Bildungswesen | Towards thoughtful practices of digital technology in education\",\"publisher\":{\"@id\":\"https:\/\/blog.unifr.ch\/create\/#organization\"},\"potentialAction\":[{\"@type\":\"SearchAction\",\"target\":{\"@type\":\"EntryPoint\",\"urlTemplate\":\"https:\/\/blog.unifr.ch\/create\/?s={search_term_string}\"},\"query-input\":{\"@type\":\"PropertyValueSpecification\",\"valueRequired\":true,\"valueName\":\"search_term_string\"}}],\"inLanguage\":\"en-US\"},{\"@type\":\"Organization\",\"@id\":\"https:\/\/blog.unifr.ch\/create\/#organization\",\"name\":\"CRE\/ATE\",\"url\":\"https:\/\/blog.unifr.ch\/create\/\",\"logo\":{\"@type\":\"ImageObject\",\"inLanguage\":\"en-US\",\"@id\":\"https:\/\/blog.unifr.ch\/create\/#\/schema\/logo\/image\/\",\"url\":\"https:\/\/blog.unifr.ch\/create\/wp-content\/uploads\/sites\/6\/2019\/05\/logo-square.jpg\",\"contentUrl\":\"https:\/\/blog.unifr.ch\/create\/wp-content\/uploads\/sites\/6\/2019\/05\/logo-square.jpg\",\"width\":500,\"height\":500,\"caption\":\"CRE\/ATE\"},\"image\":{\"@id\":\"https:\/\/blog.unifr.ch\/create\/#\/schema\/logo\/image\/\"}}]}<\/script>\n<!-- \/ Yoast SEO plugin. -->","yoast_head_json":{"title":"CRE\/ATE blog - Digital&Education research&implementation (HEP|PH FR)","description":"digital technology research & implementation in mandatory education (U. for teacher education) \u2013 Towards a thoughtful use of digital technology in education","robots":{"index":"index","follow":"follow","max-snippet":"max-snippet:-1","max-image-preview":"max-image-preview:large","max-video-preview":"max-video-preview:-1"},"canonical":"https:\/\/blog.unifr.ch\/create\/","og_locale":"en_US","og_type":"article","og_title":"CRE\/ATE blog - Digital&Education research&implementation (HEP|PH FR)","og_description":"digital technology research & implementation in mandatory education (U. for teacher education) \u2013 Towards a thoughtful use of digital technology in education","og_url":"https:\/\/blog.unifr.ch\/create\/","og_site_name":"CRE\/ATE","article_modified_time":"2025-06-10T13:43:47+00:00","og_image":[{"width":400,"height":239,"url":"https:\/\/blog.unifr.ch\/create\/wp-content\/uploads\/sites\/6\/2019\/04\/create-logo.png","type":"image\/png"}],"twitter_card":"summary_large_image","twitter_misc":{"Est. reading time":"6 minutes"},"schema":{"@context":"https:\/\/schema.org","@graph":[{"@type":"WebPage","@id":"https:\/\/blog.unifr.ch\/create\/","url":"https:\/\/blog.unifr.ch\/create\/","name":"CRE\/ATE blog - Digital&Education research&implementation (HEP|PH FR)","isPartOf":{"@id":"https:\/\/blog.unifr.ch\/create\/#website"},"primaryImageOfPage":{"@id":"https:\/\/blog.unifr.ch\/create\/#primaryimage"},"image":{"@id":"https:\/\/blog.unifr.ch\/create\/#primaryimage"},"thumbnailUrl":"https:\/\/blog.unifr.ch\/create\/wp-content\/uploads\/2019\/04\/create-logo.png","datePublished":"2022-10-18T09:05:59+00:00","dateModified":"2025-06-10T13:43:47+00:00","description":"digital technology research & implementation in mandatory education (U. for teacher education) \u2013 Towards a thoughtful use of digital technology in education","breadcrumb":{"@id":"https:\/\/blog.unifr.ch\/create\/#breadcrumb"},"inLanguage":"en-US","potentialAction":[{"@type":"ReadAction","target":["https:\/\/blog.unifr.ch\/create\/"]}]},{"@type":"ImageObject","inLanguage":"en-US","@id":"https:\/\/blog.unifr.ch\/create\/#primaryimage","url":"https:\/\/blog.unifr.ch\/create\/wp-content\/uploads\/2019\/04\/create-logo.png","contentUrl":"https:\/\/blog.unifr.ch\/create\/wp-content\/uploads\/2019\/04\/create-logo.png","width":400,"height":239},{"@type":"BreadcrumbList","@id":"https:\/\/blog.unifr.ch\/create\/#breadcrumb","itemListElement":[{"@type":"ListItem","position":1,"name":"Accueil","item":"https:\/\/blog.unifr.ch\/create\/"},{"@type":"ListItem","position":2,"name":"CRE\/ATE"}]},{"@type":"WebSite","@id":"https:\/\/blog.unifr.ch\/create\/#website","url":"https:\/\/blog.unifr.ch\/create\/","name":"CRE\/ATE","description":"Vers des pratiques r\u00e9fl\u00e9chies du num\u00e9rique en \u00e9ducation | Auf dem Weg zu durchdachten Praktiken der digitalen Technologie im Bildungswesen | Towards thoughtful practices of digital technology in education","publisher":{"@id":"https:\/\/blog.unifr.ch\/create\/#organization"},"potentialAction":[{"@type":"SearchAction","target":{"@type":"EntryPoint","urlTemplate":"https:\/\/blog.unifr.ch\/create\/?s={search_term_string}"},"query-input":{"@type":"PropertyValueSpecification","valueRequired":true,"valueName":"search_term_string"}}],"inLanguage":"en-US"},{"@type":"Organization","@id":"https:\/\/blog.unifr.ch\/create\/#organization","name":"CRE\/ATE","url":"https:\/\/blog.unifr.ch\/create\/","logo":{"@type":"ImageObject","inLanguage":"en-US","@id":"https:\/\/blog.unifr.ch\/create\/#\/schema\/logo\/image\/","url":"https:\/\/blog.unifr.ch\/create\/wp-content\/uploads\/sites\/6\/2019\/05\/logo-square.jpg","contentUrl":"https:\/\/blog.unifr.ch\/create\/wp-content\/uploads\/sites\/6\/2019\/05\/logo-square.jpg","width":500,"height":500,"caption":"CRE\/ATE"},"image":{"@id":"https:\/\/blog.unifr.ch\/create\/#\/schema\/logo\/image\/"}}]}},"_links":{"self":[{"href":"https:\/\/blog.unifr.ch\/create\/wp-json\/wp\/v2\/pages\/4","targetHints":{"allow":["GET"]}}],"collection":[{"href":"https:\/\/blog.unifr.ch\/create\/wp-json\/wp\/v2\/pages"}],"about":[{"href":"https:\/\/blog.unifr.ch\/create\/wp-json\/wp\/v2\/types\/page"}],"author":[{"embeddable":true,"href":"https:\/\/blog.unifr.ch\/create\/wp-json\/wp\/v2\/users\/6"}],"replies":[{"embeddable":true,"href":"https:\/\/blog.unifr.ch\/create\/wp-json\/wp\/v2\/comments?post=4"}],"version-history":[{"count":311,"href":"https:\/\/blog.unifr.ch\/create\/wp-json\/wp\/v2\/pages\/4\/revisions"}],"predecessor-version":[{"id":2660,"href":"https:\/\/blog.unifr.ch\/create\/wp-json\/wp\/v2\/pages\/4\/revisions\/2660"}],"wp:featuredmedia":[{"embeddable":true,"href":"https:\/\/blog.unifr.ch\/create\/wp-json\/wp\/v2\/media\/50"}],"wp:attachment":[{"href":"https:\/\/blog.unifr.ch\/create\/wp-json\/wp\/v2\/media?parent=4"}],"curies":[{"name":"wp","href":"https:\/\/api.w.org\/{rel}","templated":true}]}}