{"id":17,"date":"2019-12-05T14:31:34","date_gmt":"2019-12-05T13:31:34","guid":{"rendered":"https:\/\/blog.unifr.ch\/culturesofattention\/?page_id=17"},"modified":"2022-12-12T11:24:41","modified_gmt":"2022-12-12T10:24:41","slug":"events","status":"publish","type":"page","link":"https:\/\/blog.unifr.ch\/culturesofattention\/events\/","title":{"rendered":"Events &#038; Talks"},"content":{"rendered":"\n<h2 class=\"wp-block-heading\">Upcoming Events<\/h2>\n\n\n\n<h2 class=\"wp-block-heading\">Previous Events<\/h2>\n\n\n\n<p> <strong>November 30th<\/strong> \/ <strong>December 1st 2022<\/strong> <a href=\"https:\/\/www.unifr.ch\/philosophie\/de\/news-und-events\/news\/28170\/?utm_source=news&amp;utm_medium=&amp;utm_campaign=redirection_from_homehttp%3A%2F%2Fwww.unifr.ch%2Fphilosophie%2Fde%2F\" data-type=\"URL\" data-id=\"https:\/\/www.unifr.ch\/philosophie\/de\/news-und-events\/news\/28170\/?utm_source=news&amp;utm_medium=&amp;utm_campaign=redirection_from_homehttp%3A%2F%2Fwww.unifr.ch%2Fphilosophie%2Fde%2F\">&#8220;Attention and Action in Aesthetic Experiences&#8221;<\/a>, Talk and Workshop with Bence Nanay and comments by Susanne Schmetkamp, Emmanuel Alloa &amp; Judith Siegmund, hosted by the <em>Aesthetics and Ethics of Attention<\/em> SNSF Research Project, University of Fribourg.  <\/p>\n\n\n\n<p><strong>May 2022<\/strong> <a href=\"https:\/\/www.unifr.ch\/philosophie\/fr\/actualites-et-evenements\/actualites\/27257\/r-g-collingwood-in-the-twenty-first-century?\" data-type=\"URL\" data-id=\"https:\/\/www.unifr.ch\/philosophie\/fr\/actualites-et-evenements\/actualites\/27257\/r-g-collingwood-in-the-twenty-first-century?\">\u201cR.C. Collingwood in the Twenty-First Century\u201d<\/a>, with Christopher Mole,  Talk hosted by the <em>Aesthetics and Ethics of Attention<\/em> SNSF Research Project, University of Fribourg. <\/p>\n\n\n\n<p><strong>May 2022<\/strong> <a href=\"https:\/\/www.unifr.ch\/philosophie\/de\/news-und-events\/news\/27111\/feeling-into-thinking-through?&amp;p=1\" data-type=\"URL\" data-id=\"https:\/\/www.unifr.ch\/philosophie\/de\/news-und-events\/news\/27111\/feeling-into-thinking-through?&amp;p=1\">&#8220;Feeling Into \/ Thinking Through&#8221;<\/a>, Lecture-Concert with talks by Susanne Schmetkamp, Fabian G\u00f6ppelsr\u00f6der and Christoph Haffter and concert by  the improvisation-formation \u201cDas Ende der Liebe\u201d.  <\/p>\n\n\n\n<p><strong>March 2022 <\/strong>&#8220;<a href=\"https:\/\/www.unifr.ch\/philosophie\/fr\/actualites-et-evenements\/actualites\/26562\/philosophy-of-psychedelics?\" data-type=\"URL\" data-id=\"https:\/\/www.unifr.ch\/philosophie\/fr\/actualites-et-evenements\/actualites\/26562\/philosophy-of-psychedelics?\">Philosophy of Psychedelics<\/a> with Chris Letheby,&#8221;  Talk hosted by the <em>Aesthetics and Ethics of Attention<\/em> SNSF Research Project, University of Fribourg, 03.03.2022.<\/p>\n\n\n\n<p><strong>July 2021<\/strong>&nbsp;\u201c<a href=\"https:\/\/www.aesthetikunderkenntnis.dgae.de\/abstracts\/\">Gelenkt und frei \u2013 Aufmerksamkeit, Improvisation und musikalische Zeitlichkeit<\/a>\u201d, congress held by the Deutschen Gesellschaft f\u00fcr \u00c4sthetik, Z\u00fcrich (online). Panel with three talks (with Fabian Goppelsr\u00f6der and Christoph Haffter) and concert by the improvisation-formation \u201cDas Ende der Liebe\u201d, 14.07.2021.<\/p>\n\n\n\n<p><strong>June 2021 <\/strong>&#8220;<a href=\"https:\/\/www.unifr.ch\/philosophie\/fr\/actualites-et-evenements\/actualites\/25429\/politics-of-attention?&amp;p=1\">Politics of <\/a><a rel=\"noreferrer noopener\" href=\"https:\/\/www.unifr.ch\/philosophie\/fr\/actualites-et-evenements\/actualites\/25429\/politics-of-attention?&amp;p=1\" target=\"_blank\">Attention<\/a>&#8220;,&nbsp;Third&nbsp;Workshop of the&nbsp;<a>Aesthetics &amp; Ethics of Attention SNSF Research Project<\/a>, University of Fribourg, 30.06-01.07.2021.<\/p>\n\n\n\n<p><strong>March 2021<\/strong>&#8220;<a rel=\"noreferrer noopener\" href=\"https:\/\/exre.ch\/events\/event\/exre-colloquium-isabel-kaeslins-talk-2\/\" target=\"_blank\">Hermeneutic Attention<\/a>&#8220;, EXRE Colloquium, University of Fribourg, 03.03.2021.<br><br><strong>Feb 2021<\/strong> &#8220;<a rel=\"noreferrer noopener\" href=\"https:\/\/www1.wdr.de\/radio\/wdr5\/sendungen\/philosophisches-radio\/susanne-schmetkamp-102.html\" target=\"_blank\">Wie frei sind Sie in Ihrer Aufmerksamkeit?<\/a>&#8220;, interview for <em>Das Philosophische Radio<\/em> (Westdeutscher Rundfunk WDR5), 15.02. 2021.<br><br><strong>Jan 2021 <\/strong>\u201e<a href=\"https:\/\/www.youtube.com\/watch?v=mhrNIndZkuk\">Der Wettstreit um die Aufmerksamkeit mit <\/a><a rel=\"noreferrer noopener\" href=\"https:\/\/www.youtube.com\/watch?v=mhrNIndZkuk\" target=\"_blank\">Susanne<\/a><a href=\"https:\/\/www.youtube.com\/watch?v=mhrNIndZkuk\"> Schmetkamp<\/a>\u201d, <a href=\"https:\/\/www.science-et-cite.ch\/de\/brainsnack\">B<\/a><a rel=\"noreferrer noopener\" href=\"https:\/\/www.science-et-cite.ch\/de\/brainsnack\" target=\"_blank\">rainS<\/a><a href=\"https:\/\/www.science-et-cite.ch\/de\/brainsnack\">nack<\/a>, Science et Cit\u00e9 (Zoom), 26.01.2021<br><br><strong>Dec 2020 <\/strong>\u201eFunctions  of Attention\u201d, S<a rel=\"noreferrer noopener\" href=\"https:\/\/www3.unifr.ch\/philosophie\/fr\/actualites-et-evenements\/actualites\/24402\/?utm_source=news&amp;utm_medium=&amp;utm_campaign=redirection_from_homehttp%3A%2F%2Fwww3.unifr.ch%2Fphilosophie%2Ffr%2F\" target=\"_blank\">econd Workshop of the Aesthetics &amp; Ethics of  Attention Research Project<\/a> SNSF, University of Fribourg, 03.12.2020.<br><br><strong>July 2020 <\/strong>\u201eModes of Attention\u201d, <a rel=\"noreferrer noopener\" href=\"https:\/\/www3.unifr.ch\/philosophie\/de\/news-und-events\/news\/23530\/trad\" target=\"_blank\">First Workshop of the Aesthetics &amp; Ethics of Attention Research Project<\/a> SNSF, MEX (VS), 27.-29.07.2020.<br><br><strong>Jan 2020<\/strong> \u201e<a rel=\"noreferrer noopener\" href=\"https:\/\/www1.wdr.de\/mediathek\/audio\/wdr5\/wdr5-das-philosophische-radio\/audio-naturgegeben---empathie-100.html\" target=\"_blank\">Naturgegeben? &#8211; Empathie<\/a>\u201c, interview for <em>Das Philosophische Radio<\/em> (Westdeutscher Rundfunk WDR5), 10.01.2020.<br><br><strong>Dec 2019 <\/strong>\u201eWie autonom sind wir in unserer Aufmerksamkeit?\u201d,  University of Cologne, 10.12.2019.<br><br><strong>Nov 2019<\/strong> \u201eOn Changing Perspectives \u2013 Attention in Aesthetics and Aesthetic Experience\u201d, <a href=\"https:\/\/agenda.unifr.ch\/e\/de\/7016\/\">Research Workshop <\/a><em><a rel=\"noreferrer noopener\" href=\"https:\/\/agenda.unifr.ch\/e\/de\/7016\/\" target=\"_blank\">Aesthetics and Critique<\/a><\/em>, University of Fribourg, 29.-30.11.2019.<br><br><strong>Oct 2019<\/strong> \u201eDie Aufmerksamkeits\u00f6konomien der digitalen  Gesellschaft \u2013 Eine Gefahr f\u00fcr unsere Autonomie?\u201d, <a rel=\"noreferrer noopener\" href=\"http:\/\/www.adwmainz.de\/kalender\/eintrag\/symposium-der-jungen-akademie-mainz-verheissungen-der-autonomie.html\" target=\"_blank\">Workshop  Verhei\u00dfungen der Autonomie<\/a>, Akademie der Wissenschaften  und der Literatur | Mainz, 28.-29.10.2019.<br><br><strong>Sep 2019<\/strong> \u201ePerspektivenwechsel als politische Urteilsbildung\u201c,  <a rel=\"noreferrer noopener\" href=\"https:\/\/fk2.uni-wuppertal.de\/de\/aktuelles\/ansicht\/artikel\/2019\/09\/19\/526-jahrestagung-der-dgfe-kommission-bildungs-und-erziehungsphilosophie.html\" target=\"_blank\">Jahrestagung der Kommission Bildungs- und Erziehungsphilosophie<\/a>  \u00d6ffentlichkeit(en) \u2013 Umstrittenheit  und Legitimit\u00e4t p\u00e4dagogischer R\u00e4ume und Ordnungen, Bergische  Universit\u00e4t Wuppertal, 23.-25.09.2019.<br><br><strong>Feb 2019<\/strong> \u201eAesthetic attention and empathy\u201c, EXRE research group at the University of Fribourg, 27.02.19.<\/p>\n","protected":false},"excerpt":{"rendered":"<p>Upcoming Events Previous Events November 30th \/ December 1st 2022 &#8220;Attention and Action in Aesthetic Experiences&#8221;, Talk and Workshop with Bence Nanay and comments by Susanne Schmetkamp, Emmanuel Alloa &amp; Judith Siegmund, hosted by the Aesthetics and Ethics of Attention SNSF Research Project, University of Fribourg. May 2022 \u201cR.C. Collingwood in the Twenty-First Century\u201d, with &hellip; <\/p>\n<p class=\"link-more\"><a href=\"https:\/\/blog.unifr.ch\/culturesofattention\/events\/\" class=\"more-link\">Continue reading<span class=\"screen-reader-text\"> &#8220;Events &#038; Talks&#8221;<\/span><\/a><\/p>\n","protected":false},"author":4,"featured_media":0,"parent":0,"menu_order":0,"comment_status":"closed","ping_status":"closed","template":"","meta":{"footnotes":""},"class_list":["post-17","page","type-page","status-publish","hentry"],"_links":{"self":[{"href":"https:\/\/blog.unifr.ch\/culturesofattention\/wp-json\/wp\/v2\/pages\/17","targetHints":{"allow":["GET"]}}],"collection":[{"href":"https:\/\/blog.unifr.ch\/culturesofattention\/wp-json\/wp\/v2\/pages"}],"about":[{"href":"https:\/\/blog.unifr.ch\/culturesofattention\/wp-json\/wp\/v2\/types\/page"}],"author":[{"embeddable":true,"href":"https:\/\/blog.unifr.ch\/culturesofattention\/wp-json\/wp\/v2\/users\/4"}],"replies":[{"embeddable":true,"href":"https:\/\/blog.unifr.ch\/culturesofattention\/wp-json\/wp\/v2\/comments?post=17"}],"version-history":[{"count":43,"href":"https:\/\/blog.unifr.ch\/culturesofattention\/wp-json\/wp\/v2\/pages\/17\/revisions"}],"predecessor-version":[{"id":433,"href":"https:\/\/blog.unifr.ch\/culturesofattention\/wp-json\/wp\/v2\/pages\/17\/revisions\/433"}],"wp:attachment":[{"href":"https:\/\/blog.unifr.ch\/culturesofattention\/wp-json\/wp\/v2\/media?parent=17"}],"curies":[{"name":"wp","href":"https:\/\/api.w.org\/{rel}","templated":true}]}}

<h2 class="wp-block-heading">Upcoming Events</h2>



<h2 class="wp-block-heading">Previous Events</h2>



<p> <strong>November 30th</strong> / <strong>December 1st 2022</strong> <a href="https://www.unifr.ch/philosophie/de/news-und-events/news/28170/?utm_source=news&amp;utm_medium=&amp;utm_campaign=redirection_from_homehttp%3A%2F%2Fwww.unifr.ch%2Fphilosophie%2Fde%2F" data-type="URL" data-id="https://www.unifr.ch/philosophie/de/news-und-events/news/28170/?utm_source=news&amp;utm_medium=&amp;utm_campaign=redirection_from_homehttp%3A%2F%2Fwww.unifr.ch%2Fphilosophie%2Fde%2F">&#8220;Attention and Action in Aesthetic Experiences&#8221;</a>, Talk and Workshop with Bence Nanay and comments by Susanne Schmetkamp, Emmanuel Alloa &amp; Judith Siegmund, hosted by the <em>Aesthetics and Ethics of Attention</em> SNSF Research Project, University of Fribourg.  </p>



<p><strong>May 2022</strong> <a href="https://www.unifr.ch/philosophie/fr/actualites-et-evenements/actualites/27257/r-g-collingwood-in-the-twenty-first-century?" data-type="URL" data-id="https://www.unifr.ch/philosophie/fr/actualites-et-evenements/actualites/27257/r-g-collingwood-in-the-twenty-first-century?">“R.C. Collingwood in the Twenty-First Century”</a>, with Christopher Mole,  Talk hosted by the <em>Aesthetics and Ethics of Attention</em> SNSF Research Project, University of Fribourg. </p>



<p><strong>May 2022</strong> <a href="https://www.unifr.ch/philosophie/de/news-und-events/news/27111/feeling-into-thinking-through?&amp;p=1" data-type="URL" data-id="https://www.unifr.ch/philosophie/de/news-und-events/news/27111/feeling-into-thinking-through?&amp;p=1">&#8220;Feeling Into / Thinking Through&#8221;</a>, Lecture-Concert with talks by Susanne Schmetkamp, Fabian Göppelsröder and Christoph Haffter and concert by  the improvisation-formation “Das Ende der Liebe”.  </p>



<p><strong>March 2022 </strong>&#8220;<a href="https://www.unifr.ch/philosophie/fr/actualites-et-evenements/actualites/26562/philosophy-of-psychedelics?" data-type="URL" data-id="https://www.unifr.ch/philosophie/fr/actualites-et-evenements/actualites/26562/philosophy-of-psychedelics?">Philosophy of Psychedelics</a> with Chris Letheby,&#8221;  Talk hosted by the <em>Aesthetics and Ethics of Attention</em> SNSF Research Project, University of Fribourg, 03.03.2022.</p>



<p><strong>July 2021</strong>&nbsp;“<a href="https://www.aesthetikunderkenntnis.dgae.de/abstracts/">Gelenkt und frei – Aufmerksamkeit, Improvisation und musikalische Zeitlichkeit</a>”, congress held by the Deutschen Gesellschaft für Ästhetik, Zürich (online). Panel with three talks (with Fabian Goppelsröder and Christoph Haffter) and concert by the improvisation-formation “Das Ende der Liebe”, 14.07.2021.</p>



<p><strong>June 2021 </strong>&#8220;<a href="https://www.unifr.ch/philosophie/fr/actualites-et-evenements/actualites/25429/politics-of-attention?&amp;p=1">Politics of </a><a rel="noreferrer noopener" href="https://www.unifr.ch/philosophie/fr/actualites-et-evenements/actualites/25429/politics-of-attention?&amp;p=1" target="_blank">Attention</a>&#8220;,&nbsp;Third&nbsp;Workshop of the&nbsp;<a>Aesthetics &amp; Ethics of Attention SNSF Research Project</a>, University of Fribourg, 30.06-01.07.2021.</p>



<p><strong>March 2021</strong>&#8220;<a rel="noreferrer noopener" href="https://exre.ch/events/event/exre-colloquium-isabel-kaeslins-talk-2/" target="_blank">Hermeneutic Attention</a>&#8220;, EXRE Colloquium, University of Fribourg, 03.03.2021.<br><br><strong>Feb 2021</strong> &#8220;<a rel="noreferrer noopener" href="https://www1.wdr.de/radio/wdr5/sendungen/philosophisches-radio/susanne-schmetkamp-102.html" target="_blank">Wie frei sind Sie in Ihrer Aufmerksamkeit?</a>&#8220;, interview for <em>Das Philosophische Radio</em> (Westdeutscher Rundfunk WDR5), 15.02. 2021.<br><br><strong>Jan 2021 </strong>„<a href="https://www.youtube.com/watch?v=mhrNIndZkuk">Der Wettstreit um die Aufmerksamkeit mit </a><a rel="noreferrer noopener" href="https://www.youtube.com/watch?v=mhrNIndZkuk" target="_blank">Susanne</a><a href="https://www.youtube.com/watch?v=mhrNIndZkuk"> Schmetkamp</a>”, <a href="https://www.science-et-cite.ch/de/brainsnack">B</a><a rel="noreferrer noopener" href="https://www.science-et-cite.ch/de/brainsnack" target="_blank">rainS</a><a href="https://www.science-et-cite.ch/de/brainsnack">nack</a>, Science et Cité (Zoom), 26.01.2021<br><br><strong>Dec 2020 </strong>„Functions  of Attention”, S<a rel="noreferrer noopener" href="https://www3.unifr.ch/philosophie/fr/actualites-et-evenements/actualites/24402/?utm_source=news&amp;utm_medium=&amp;utm_campaign=redirection_from_homehttp%3A%2F%2Fwww3.unifr.ch%2Fphilosophie%2Ffr%2F" target="_blank">econd Workshop of the Aesthetics &amp; Ethics of  Attention Research Project</a> SNSF, University of Fribourg, 03.12.2020.<br><br><strong>July 2020 </strong>„Modes of Attention”, <a rel="noreferrer noopener" href="https://www3.unifr.ch/philosophie/de/news-und-events/news/23530/trad" target="_blank">First Workshop of the Aesthetics &amp; Ethics of Attention Research Project</a> SNSF, MEX (VS), 27.-29.07.2020.<br><br><strong>Jan 2020</strong> „<a rel="noreferrer noopener" href="https://www1.wdr.de/mediathek/audio/wdr5/wdr5-das-philosophische-radio/audio-naturgegeben---empathie-100.html" target="_blank">Naturgegeben? &#8211; Empathie</a>“, interview for <em>Das Philosophische Radio</em> (Westdeutscher Rundfunk WDR5), 10.01.2020.<br><br><strong>Dec 2019 </strong>„Wie autonom sind wir in unserer Aufmerksamkeit?”,  University of Cologne, 10.12.2019.<br><br><strong>Nov 2019</strong> „On Changing Perspectives – Attention in Aesthetics and Aesthetic Experience”, <a href="https://agenda.unifr.ch/e/de/7016/">Research Workshop </a><em><a rel="noreferrer noopener" href="https://agenda.unifr.ch/e/de/7016/" target="_blank">Aesthetics and Critique</a></em>, University of Fribourg, 29.-30.11.2019.<br><br><strong>Oct 2019</strong> „Die Aufmerksamkeitsökonomien der digitalen  Gesellschaft – Eine Gefahr für unsere Autonomie?”, <a rel="noreferrer noopener" href="http://www.adwmainz.de/kalender/eintrag/symposium-der-jungen-akademie-mainz-verheissungen-der-autonomie.html" target="_blank">Workshop  Verheißungen der Autonomie</a>, Akademie der Wissenschaften  und der Literatur | Mainz, 28.-29.10.2019.<br><br><strong>Sep 2019</strong> „Perspektivenwechsel als politische Urteilsbildung“,  <a rel="noreferrer noopener" href="https://fk2.uni-wuppertal.de/de/aktuelles/ansicht/artikel/2019/09/19/526-jahrestagung-der-dgfe-kommission-bildungs-und-erziehungsphilosophie.html" target="_blank">Jahrestagung der Kommission Bildungs- und Erziehungsphilosophie</a>  Öffentlichkeit(en) – Umstrittenheit  und Legitimität pädagogischer Räume und Ordnungen, Bergische  Universität Wuppertal, 23.-25.09.2019.<br><br><strong>Feb 2019</strong> „Aesthetic attention and empathy“, EXRE research group at the University of Fribourg, 27.02.19.</p>
