{"id":1015,"date":"2024-10-31T17:25:06","date_gmt":"2024-10-31T16:25:06","guid":{"rendered":"https:\/\/blog.unifr.ch\/ded\/?page_id=1015"},"modified":"2025-01-29T17:50:26","modified_gmt":"2025-01-29T16:50:26","slug":"trames-fuer-das-zusammenleben","status":"publish","type":"page","link":"https:\/\/blog.unifr.ch\/ded\/meine-klasse\/trames-fuer-das-zusammenleben\/","title":{"rendered":"TRAMES f\u00fcr das Zusammenleben"},"content":{"rendered":"<p><strong>Eine mehrsprachige Lekt\u00fcre und ihre interaktive Plattform.<\/strong><\/p>\n<p>F\u00fcr die Zyklen 2 und 3<\/p>\n<p>Ein partizipatives Leseprojekt f\u00fcr Jugendliche, um das Zusammenleben in der sprachlichen Vielfalt ab der 7H zu begreifen, ist:<\/p>\n<p><u>Histoires avec des bosses \u2013 ein ABC-Buch der Schule in Migration <\/u><\/p>\n<p><em>Kollektiv TRAMES, <a href=\"http:\/\/www.trames.ch\/\">www.trames.ch<\/a> , Projektleitung No\u00e9mie Mathivat<\/em><\/p>\n","protected":false},"excerpt":{"rendered":"<p>Eine mehrsprachige Lekt\u00fcre und ihre interaktive Plattform. F\u00fcr die Zyklen 2 und 3 Ein partizipatives Leseprojekt f\u00fcr Jugendliche, um das Zusammenleben in der sprachlichen Vielfalt ab der 7H zu begreifen, ist: Histoires avec des bosses \u2013 ein ABC-Buch der Schule in Migration Kollektiv TRAMES, www.trames.ch , Projektleitung No\u00e9mie Mathivat<\/p>\n","protected":false},"author":39,"featured_media":1030,"parent":902,"menu_order":0,"comment_status":"closed","ping_status":"closed","template":"","meta":{"_acf_changed":false,"footnotes":""},"class_list":["post-1015","page","type-page","status-publish","has-post-thumbnail","hentry"],"acf":[],"yoast_head":"<!-- This site is optimized with the Yoast SEO plugin v25.6 - https:\/\/yoast.com\/wordpress\/plugins\/seo\/ -->\n<title>TRAMES f\u00fcr das Zusammenleben - Blog Unit\u00e9 DivEg<\/title>\n<meta name=\"robots\" content=\"index, follow, max-snippet:-1, max-image-preview:large, max-video-preview:-1\" \/>\n<link rel=\"canonical\" href=\"https:\/\/blog.unifr.ch\/ded\/meine-klasse\/trames-fuer-das-zusammenleben\/\" \/>\n<meta property=\"og:locale\" content=\"de_DE\" \/>\n<meta property=\"og:type\" content=\"article\" \/>\n<meta property=\"og:title\" content=\"TRAMES f\u00fcr das Zusammenleben - Blog Unit\u00e9 DivEg\" \/>\n<meta property=\"og:description\" content=\"Eine mehrsprachige Lekt\u00fcre und ihre interaktive Plattform. F\u00fcr die Zyklen 2 und 3 Ein partizipatives Leseprojekt f\u00fcr Jugendliche, um das Zusammenleben in der sprachlichen Vielfalt ab der 7H zu begreifen, ist: Histoires avec des bosses \u2013 ein ABC-Buch der Schule in Migration Kollektiv TRAMES, www.trames.ch , Projektleitung No\u00e9mie Mathivat\" \/>\n<meta property=\"og:url\" content=\"https:\/\/blog.unifr.ch\/ded\/meine-klasse\/trames-fuer-das-zusammenleben\/\" \/>\n<meta property=\"og:site_name\" content=\"Blog Unit\u00e9 DivEg\" \/>\n<meta property=\"article:modified_time\" content=\"2025-01-29T16:50:26+00:00\" \/>\n<meta property=\"og:image\" content=\"https:\/\/blog.unifr.ch\/ded\/wp-content\/uploads\/sites\/23\/2024\/11\/Image-titre-TRAMES.jpg\" \/>\n\t<meta property=\"og:image:width\" content=\"770\" \/>\n\t<meta property=\"og:image:height\" content=\"330\" \/>\n\t<meta property=\"og:image:type\" content=\"image\/jpeg\" \/>\n<meta name=\"twitter:card\" content=\"summary_large_image\" \/>\n<meta name=\"twitter:label1\" content=\"Gesch\u00e4tzte Lesezeit\" \/>\n\t<meta name=\"twitter:data1\" content=\"6\u00a0Minuten\" \/>\n<script type=\"application\/ld+json\" class=\"yoast-schema-graph\">{\"@context\":\"https:\/\/schema.org\",\"@graph\":[{\"@type\":\"WebPage\",\"@id\":\"https:\/\/blog.unifr.ch\/ded\/meine-klasse\/trames-fuer-das-zusammenleben\/\",\"url\":\"https:\/\/blog.unifr.ch\/ded\/meine-klasse\/trames-fuer-das-zusammenleben\/\",\"name\":\"TRAMES f\u00fcr das Zusammenleben - Blog Unit\u00e9 DivEg\",\"isPartOf\":{\"@id\":\"https:\/\/blog.unifr.ch\/ded\/#website\"},\"primaryImageOfPage\":{\"@id\":\"https:\/\/blog.unifr.ch\/ded\/meine-klasse\/trames-fuer-das-zusammenleben\/#primaryimage\"},\"image\":{\"@id\":\"https:\/\/blog.unifr.ch\/ded\/meine-klasse\/trames-fuer-das-zusammenleben\/#primaryimage\"},\"thumbnailUrl\":\"https:\/\/blog.unifr.ch\/ded\/wp-content\/uploads\/2024\/11\/Image-titre-TRAMES.jpg\",\"datePublished\":\"2024-10-31T16:25:06+00:00\",\"dateModified\":\"2025-01-29T16:50:26+00:00\",\"breadcrumb\":{\"@id\":\"https:\/\/blog.unifr.ch\/ded\/meine-klasse\/trames-fuer-das-zusammenleben\/#breadcrumb\"},\"inLanguage\":\"de\",\"potentialAction\":[{\"@type\":\"ReadAction\",\"target\":[\"https:\/\/blog.unifr.ch\/ded\/meine-klasse\/trames-fuer-das-zusammenleben\/\"]}]},{\"@type\":\"ImageObject\",\"inLanguage\":\"de\",\"@id\":\"https:\/\/blog.unifr.ch\/ded\/meine-klasse\/trames-fuer-das-zusammenleben\/#primaryimage\",\"url\":\"https:\/\/blog.unifr.ch\/ded\/wp-content\/uploads\/2024\/11\/Image-titre-TRAMES.jpg\",\"contentUrl\":\"https:\/\/blog.unifr.ch\/ded\/wp-content\/uploads\/2024\/11\/Image-titre-TRAMES.jpg\",\"width\":770,\"height\":330},{\"@type\":\"BreadcrumbList\",\"@id\":\"https:\/\/blog.unifr.ch\/ded\/meine-klasse\/trames-fuer-das-zusammenleben\/#breadcrumb\",\"itemListElement\":[{\"@type\":\"ListItem\",\"position\":1,\"name\":\"Accueil\",\"item\":\"https:\/\/blog.unifr.ch\/ded\/\"},{\"@type\":\"ListItem\",\"position\":2,\"name\":\"Meine Klasse\",\"item\":\"https:\/\/blog.unifr.ch\/ded\/meine-klasse\/\"},{\"@type\":\"ListItem\",\"position\":3,\"name\":\"TRAMES f\u00fcr das Zusammenleben\"}]},{\"@type\":\"WebSite\",\"@id\":\"https:\/\/blog.unifr.ch\/ded\/#website\",\"url\":\"https:\/\/blog.unifr.ch\/ded\/\",\"name\":\"Blog Unit\u00e9 DivEg\",\"description\":\"Un site utilisant HEP Multisite\",\"potentialAction\":[{\"@type\":\"SearchAction\",\"target\":{\"@type\":\"EntryPoint\",\"urlTemplate\":\"https:\/\/blog.unifr.ch\/ded\/?s={search_term_string}\"},\"query-input\":{\"@type\":\"PropertyValueSpecification\",\"valueRequired\":true,\"valueName\":\"search_term_string\"}}],\"inLanguage\":\"de\"}]}<\/script>\n<!-- \/ Yoast SEO plugin. -->","yoast_head_json":{"title":"TRAMES f\u00fcr das Zusammenleben - Blog Unit\u00e9 DivEg","robots":{"index":"index","follow":"follow","max-snippet":"max-snippet:-1","max-image-preview":"max-image-preview:large","max-video-preview":"max-video-preview:-1"},"canonical":"https:\/\/blog.unifr.ch\/ded\/meine-klasse\/trames-fuer-das-zusammenleben\/","og_locale":"de_DE","og_type":"article","og_title":"TRAMES f\u00fcr das Zusammenleben - Blog Unit\u00e9 DivEg","og_description":"Eine mehrsprachige Lekt\u00fcre und ihre interaktive Plattform. F\u00fcr die Zyklen 2 und 3 Ein partizipatives Leseprojekt f\u00fcr Jugendliche, um das Zusammenleben in der sprachlichen Vielfalt ab der 7H zu begreifen, ist: Histoires avec des bosses \u2013 ein ABC-Buch der Schule in Migration Kollektiv TRAMES, www.trames.ch , Projektleitung No\u00e9mie Mathivat","og_url":"https:\/\/blog.unifr.ch\/ded\/meine-klasse\/trames-fuer-das-zusammenleben\/","og_site_name":"Blog Unit\u00e9 DivEg","article_modified_time":"2025-01-29T16:50:26+00:00","og_image":[{"width":770,"height":330,"url":"https:\/\/blog.unifr.ch\/ded\/wp-content\/uploads\/sites\/23\/2024\/11\/Image-titre-TRAMES.jpg","type":"image\/jpeg"}],"twitter_card":"summary_large_image","twitter_misc":{"Gesch\u00e4tzte Lesezeit":"6\u00a0Minuten"},"schema":{"@context":"https:\/\/schema.org","@graph":[{"@type":"WebPage","@id":"https:\/\/blog.unifr.ch\/ded\/meine-klasse\/trames-fuer-das-zusammenleben\/","url":"https:\/\/blog.unifr.ch\/ded\/meine-klasse\/trames-fuer-das-zusammenleben\/","name":"TRAMES f\u00fcr das Zusammenleben - Blog Unit\u00e9 DivEg","isPartOf":{"@id":"https:\/\/blog.unifr.ch\/ded\/#website"},"primaryImageOfPage":{"@id":"https:\/\/blog.unifr.ch\/ded\/meine-klasse\/trames-fuer-das-zusammenleben\/#primaryimage"},"image":{"@id":"https:\/\/blog.unifr.ch\/ded\/meine-klasse\/trames-fuer-das-zusammenleben\/#primaryimage"},"thumbnailUrl":"https:\/\/blog.unifr.ch\/ded\/wp-content\/uploads\/2024\/11\/Image-titre-TRAMES.jpg","datePublished":"2024-10-31T16:25:06+00:00","dateModified":"2025-01-29T16:50:26+00:00","breadcrumb":{"@id":"https:\/\/blog.unifr.ch\/ded\/meine-klasse\/trames-fuer-das-zusammenleben\/#breadcrumb"},"inLanguage":"de","potentialAction":[{"@type":"ReadAction","target":["https:\/\/blog.unifr.ch\/ded\/meine-klasse\/trames-fuer-das-zusammenleben\/"]}]},{"@type":"ImageObject","inLanguage":"de","@id":"https:\/\/blog.unifr.ch\/ded\/meine-klasse\/trames-fuer-das-zusammenleben\/#primaryimage","url":"https:\/\/blog.unifr.ch\/ded\/wp-content\/uploads\/2024\/11\/Image-titre-TRAMES.jpg","contentUrl":"https:\/\/blog.unifr.ch\/ded\/wp-content\/uploads\/2024\/11\/Image-titre-TRAMES.jpg","width":770,"height":330},{"@type":"BreadcrumbList","@id":"https:\/\/blog.unifr.ch\/ded\/meine-klasse\/trames-fuer-das-zusammenleben\/#breadcrumb","itemListElement":[{"@type":"ListItem","position":1,"name":"Accueil","item":"https:\/\/blog.unifr.ch\/ded\/"},{"@type":"ListItem","position":2,"name":"Meine Klasse","item":"https:\/\/blog.unifr.ch\/ded\/meine-klasse\/"},{"@type":"ListItem","position":3,"name":"TRAMES f\u00fcr das Zusammenleben"}]},{"@type":"WebSite","@id":"https:\/\/blog.unifr.ch\/ded\/#website","url":"https:\/\/blog.unifr.ch\/ded\/","name":"Blog Unit\u00e9 DivEg","description":"Un site utilisant HEP Multisite","potentialAction":[{"@type":"SearchAction","target":{"@type":"EntryPoint","urlTemplate":"https:\/\/blog.unifr.ch\/ded\/?s={search_term_string}"},"query-input":{"@type":"PropertyValueSpecification","valueRequired":true,"valueName":"search_term_string"}}],"inLanguage":"de"}]}},"_links":{"self":[{"href":"https:\/\/blog.unifr.ch\/ded\/wp-json\/wp\/v2\/pages\/1015","targetHints":{"allow":["GET"]}}],"collection":[{"href":"https:\/\/blog.unifr.ch\/ded\/wp-json\/wp\/v2\/pages"}],"about":[{"href":"https:\/\/blog.unifr.ch\/ded\/wp-json\/wp\/v2\/types\/page"}],"author":[{"embeddable":true,"href":"https:\/\/blog.unifr.ch\/ded\/wp-json\/wp\/v2\/users\/39"}],"replies":[{"embeddable":true,"href":"https:\/\/blog.unifr.ch\/ded\/wp-json\/wp\/v2\/comments?post=1015"}],"version-history":[{"count":4,"href":"https:\/\/blog.unifr.ch\/ded\/wp-json\/wp\/v2\/pages\/1015\/revisions"}],"predecessor-version":[{"id":1036,"href":"https:\/\/blog.unifr.ch\/ded\/wp-json\/wp\/v2\/pages\/1015\/revisions\/1036"}],"up":[{"embeddable":true,"href":"https:\/\/blog.unifr.ch\/ded\/wp-json\/wp\/v2\/pages\/902"}],"wp:featuredmedia":[{"embeddable":true,"href":"https:\/\/blog.unifr.ch\/ded\/wp-json\/wp\/v2\/media\/1030"}],"wp:attachment":[{"href":"https:\/\/blog.unifr.ch\/ded\/wp-json\/wp\/v2\/media?parent=1015"}],"curies":[{"name":"wp","href":"https:\/\/api.w.org\/{rel}","templated":true}]}}