{"id":118,"date":"2019-10-09T20:17:09","date_gmt":"2019-10-09T18:17:09","guid":{"rendered":"https:\/\/blog.unifr.ch\/engage\/?page_id=118"},"modified":"2019-10-09T20:17:09","modified_gmt":"2019-10-09T18:17:09","slug":"le-cout-des-textos","status":"publish","type":"page","link":"https:\/\/blog.unifr.ch\/engage\/le-cout-des-textos\/","title":{"rendered":"Le \u00ab\u00a0cou(t)\u00a0\u00bb des textos"},"content":{"rendered":"<p>Les r\u00e9sultats d\u2019une nouvelle \u00e9tude sugg\u00e8rent que l\u2019utilisation des smartphones est en train de causer de s\u00e9rieux probl\u00e8mes pour notre cou. Pencher la t\u00eate vers l\u2019avant pour regarder son t\u00e9l\u00e9phone cr\u00e9e une contrainte sur la colonne vert\u00e9brale qui peut finir par entra\u00eener des douleurs. Dans cette activit\u00e9, les apprenants d\u00e9couvrent les forces exerc\u00e9es sur la colonne vert\u00e9brale. Ils vont ensuite concevoir un plan pour analyser les causes des cervicalgies des textos, avant de r\u00e9pondre \u00e0 un dilemme : utiliseront-ils moins leur t\u00e9l\u00e9phone pour \u00e9viter les contractures?<\/p>\n","protected":false},"excerpt":{"rendered":"<p>Les r\u00e9sultats d\u2019une nouvelle \u00e9tude sugg\u00e8rent que l\u2019utilisation des smartphones est en train de causer de s\u00e9rieux probl\u00e8mes pour notre cou. Pencher la t\u00eate vers l\u2019avant pour regarder son t\u00e9l\u00e9phone cr\u00e9e une contrainte sur la colonne vert\u00e9brale qui peut finir par entra\u00eener des douleurs. Dans cette activit\u00e9, les apprenants d\u00e9couvrent les forces exerc\u00e9es sur la [&hellip;]<\/p>\n","protected":false},"author":4,"featured_media":0,"parent":0,"menu_order":0,"comment_status":"closed","ping_status":"closed","template":"","meta":{"_acf_changed":false,"footnotes":""},"class_list":["post-118","page","type-page","status-publish","hentry"],"acf":[],"yoast_head":"<!-- This site is optimized with the Yoast SEO plugin v25.6 - https:\/\/yoast.com\/wordpress\/plugins\/seo\/ -->\n<title>Le &quot;cou(t)&quot; des textos - Engage&#039;<\/title>\n<meta name=\"robots\" content=\"index, follow, max-snippet:-1, max-image-preview:large, max-video-preview:-1\" \/>\n<link rel=\"canonical\" href=\"https:\/\/blog.unifr.ch\/engage\/le-cout-des-textos\/\" \/>\n<meta property=\"og:locale\" content=\"fr_FR\" \/>\n<meta property=\"og:type\" content=\"article\" \/>\n<meta property=\"og:title\" content=\"Le &quot;cou(t)&quot; des textos - Engage&#039;\" \/>\n<meta property=\"og:description\" content=\"Les r\u00e9sultats d\u2019une nouvelle \u00e9tude sugg\u00e8rent que l\u2019utilisation des smartphones est en train de causer de s\u00e9rieux probl\u00e8mes pour notre cou. Pencher la t\u00eate vers l\u2019avant pour regarder son t\u00e9l\u00e9phone cr\u00e9e une contrainte sur la colonne vert\u00e9brale qui peut finir par entra\u00eener des douleurs. Dans cette activit\u00e9, les apprenants d\u00e9couvrent les forces exerc\u00e9es sur la [&hellip;]\" \/>\n<meta property=\"og:url\" content=\"https:\/\/blog.unifr.ch\/engage\/le-cout-des-textos\/\" \/>\n<meta property=\"og:site_name\" content=\"Engage&#039;\" \/>\n<meta property=\"og:image\" content=\"https:\/\/blog.unifr.ch\/engage\/wp-content\/uploads\/2019\/09\/Capture-d\u2019e\u0301cran-2019-09-17-a\u0300-15.54.54.png\" \/>\n\t<meta property=\"og:image:width\" content=\"1034\" \/>\n\t<meta property=\"og:image:height\" content=\"404\" \/>\n\t<meta property=\"og:image:type\" content=\"image\/png\" \/>\n<meta name=\"twitter:card\" content=\"summary_large_image\" \/>\n<meta name=\"twitter:label1\" content=\"Dur\u00e9e de lecture estim\u00e9e\" \/>\n\t<meta name=\"twitter:data1\" content=\"1 minute\" \/>\n<script type=\"application\/ld+json\" class=\"yoast-schema-graph\">{\"@context\":\"https:\/\/schema.org\",\"@graph\":[{\"@type\":\"WebPage\",\"@id\":\"https:\/\/blog.unifr.ch\/engage\/le-cout-des-textos\/\",\"url\":\"https:\/\/blog.unifr.ch\/engage\/le-cout-des-textos\/\",\"name\":\"Le \\\"cou(t)\\\" des textos - Engage&#039;\",\"isPartOf\":{\"@id\":\"https:\/\/blog.unifr.ch\/engage\/#website\"},\"datePublished\":\"2019-10-09T18:17:09+00:00\",\"breadcrumb\":{\"@id\":\"https:\/\/blog.unifr.ch\/engage\/le-cout-des-textos\/#breadcrumb\"},\"inLanguage\":\"fr-FR\",\"potentialAction\":[{\"@type\":\"ReadAction\",\"target\":[\"https:\/\/blog.unifr.ch\/engage\/le-cout-des-textos\/\"]}]},{\"@type\":\"BreadcrumbList\",\"@id\":\"https:\/\/blog.unifr.ch\/engage\/le-cout-des-textos\/#breadcrumb\",\"itemListElement\":[{\"@type\":\"ListItem\",\"position\":1,\"name\":\"Accueil\",\"item\":\"https:\/\/blog.unifr.ch\/engage\/\"},{\"@type\":\"ListItem\",\"position\":2,\"name\":\"Le \u00ab\u00a0cou(t)\u00a0\u00bb des textos\"}]},{\"@type\":\"WebSite\",\"@id\":\"https:\/\/blog.unifr.ch\/engage\/#website\",\"url\":\"https:\/\/blog.unifr.ch\/engage\/\",\"name\":\"Engage&#039;\",\"description\":\"Un site utilisant HEP Multisite\",\"potentialAction\":[{\"@type\":\"SearchAction\",\"target\":{\"@type\":\"EntryPoint\",\"urlTemplate\":\"https:\/\/blog.unifr.ch\/engage\/?s={search_term_string}\"},\"query-input\":{\"@type\":\"PropertyValueSpecification\",\"valueRequired\":true,\"valueName\":\"search_term_string\"}}],\"inLanguage\":\"fr-FR\"}]}<\/script>\n<!-- \/ Yoast SEO plugin. -->","yoast_head_json":{"title":"Le \"cou(t)\" des textos - Engage&#039;","robots":{"index":"index","follow":"follow","max-snippet":"max-snippet:-1","max-image-preview":"max-image-preview:large","max-video-preview":"max-video-preview:-1"},"canonical":"https:\/\/blog.unifr.ch\/engage\/le-cout-des-textos\/","og_locale":"fr_FR","og_type":"article","og_title":"Le \"cou(t)\" des textos - Engage&#039;","og_description":"Les r\u00e9sultats d\u2019une nouvelle \u00e9tude sugg\u00e8rent que l\u2019utilisation des smartphones est en train de causer de s\u00e9rieux probl\u00e8mes pour notre cou. Pencher la t\u00eate vers l\u2019avant pour regarder son t\u00e9l\u00e9phone cr\u00e9e une contrainte sur la colonne vert\u00e9brale qui peut finir par entra\u00eener des douleurs. Dans cette activit\u00e9, les apprenants d\u00e9couvrent les forces exerc\u00e9es sur la [&hellip;]","og_url":"https:\/\/blog.unifr.ch\/engage\/le-cout-des-textos\/","og_site_name":"Engage&#039;","og_image":[{"width":1034,"height":404,"url":"https:\/\/blog.unifr.ch\/engage\/wp-content\/uploads\/2019\/09\/Capture-d\u2019e\u0301cran-2019-09-17-a\u0300-15.54.54.png","type":"image\/png"}],"twitter_card":"summary_large_image","twitter_misc":{"Dur\u00e9e de lecture estim\u00e9e":"1 minute"},"schema":{"@context":"https:\/\/schema.org","@graph":[{"@type":"WebPage","@id":"https:\/\/blog.unifr.ch\/engage\/le-cout-des-textos\/","url":"https:\/\/blog.unifr.ch\/engage\/le-cout-des-textos\/","name":"Le \"cou(t)\" des textos - Engage&#039;","isPartOf":{"@id":"https:\/\/blog.unifr.ch\/engage\/#website"},"datePublished":"2019-10-09T18:17:09+00:00","breadcrumb":{"@id":"https:\/\/blog.unifr.ch\/engage\/le-cout-des-textos\/#breadcrumb"},"inLanguage":"fr-FR","potentialAction":[{"@type":"ReadAction","target":["https:\/\/blog.unifr.ch\/engage\/le-cout-des-textos\/"]}]},{"@type":"BreadcrumbList","@id":"https:\/\/blog.unifr.ch\/engage\/le-cout-des-textos\/#breadcrumb","itemListElement":[{"@type":"ListItem","position":1,"name":"Accueil","item":"https:\/\/blog.unifr.ch\/engage\/"},{"@type":"ListItem","position":2,"name":"Le \u00ab\u00a0cou(t)\u00a0\u00bb des textos"}]},{"@type":"WebSite","@id":"https:\/\/blog.unifr.ch\/engage\/#website","url":"https:\/\/blog.unifr.ch\/engage\/","name":"Engage&#039;","description":"Un site utilisant HEP Multisite","potentialAction":[{"@type":"SearchAction","target":{"@type":"EntryPoint","urlTemplate":"https:\/\/blog.unifr.ch\/engage\/?s={search_term_string}"},"query-input":{"@type":"PropertyValueSpecification","valueRequired":true,"valueName":"search_term_string"}}],"inLanguage":"fr-FR"}]}},"_links":{"self":[{"href":"https:\/\/blog.unifr.ch\/engage\/wp-json\/wp\/v2\/pages\/118","targetHints":{"allow":["GET"]}}],"collection":[{"href":"https:\/\/blog.unifr.ch\/engage\/wp-json\/wp\/v2\/pages"}],"about":[{"href":"https:\/\/blog.unifr.ch\/engage\/wp-json\/wp\/v2\/types\/page"}],"author":[{"embeddable":true,"href":"https:\/\/blog.unifr.ch\/engage\/wp-json\/wp\/v2\/users\/4"}],"replies":[{"embeddable":true,"href":"https:\/\/blog.unifr.ch\/engage\/wp-json\/wp\/v2\/comments?post=118"}],"version-history":[{"count":1,"href":"https:\/\/blog.unifr.ch\/engage\/wp-json\/wp\/v2\/pages\/118\/revisions"}],"predecessor-version":[{"id":121,"href":"https:\/\/blog.unifr.ch\/engage\/wp-json\/wp\/v2\/pages\/118\/revisions\/121"}],"wp:attachment":[{"href":"https:\/\/blog.unifr.ch\/engage\/wp-json\/wp\/v2\/media?parent=118"}],"curies":[{"name":"wp","href":"https:\/\/api.w.org\/{rel}","templated":true}]}}