{"id":172,"date":"2019-10-10T11:08:27","date_gmt":"2019-10-10T09:08:27","guid":{"rendered":"https:\/\/blog.unifr.ch\/engage\/?page_id=172"},"modified":"2019-10-10T11:10:01","modified_gmt":"2019-10-10T09:10:01","slug":"invasions","status":"publish","type":"page","link":"https:\/\/blog.unifr.ch\/engage\/invasions\/","title":{"rendered":"Invasions!"},"content":{"rendered":"<p>L\u2019ambroisie, <em>Ambrosia artemisiifolia<\/em>, est une plante envahissante qui est en train de se r\u00e9pandre sur tout le continent europ\u00e9en. Les r\u00e9actions allergiques et asthmatiques caus\u00e9es par son pollen, ainsi que sa prolif\u00e9ration dans les terrains de culture sont en train de co\u00fbter \u00e0 l\u2019Europe quelques 4,5 Milliards par an. La solution pourrait \u00eatre de rel\u00e2cher dans la nature des col\u00e9opt\u00e8res non autochtones. Dans cette activit\u00e9 les apprenants vont \u00e9valuer les avantages et les inconv\u00e9nients de l\u2019utilisation de cette approche, appel\u00e9e lutte biologique.<\/p>\n","protected":false},"excerpt":{"rendered":"<p>L\u2019ambroisie, Ambrosia artemisiifolia, est une plante envahissante qui est en train de se r\u00e9pandre sur tout le continent europ\u00e9en. Les r\u00e9actions allergiques et asthmatiques caus\u00e9es par son pollen, ainsi que sa prolif\u00e9ration dans les terrains de culture sont en train de co\u00fbter \u00e0 l\u2019Europe quelques 4,5 Milliards par an. La solution pourrait \u00eatre de rel\u00e2cher [&hellip;]<\/p>\n","protected":false},"author":4,"featured_media":0,"parent":0,"menu_order":0,"comment_status":"closed","ping_status":"closed","template":"","meta":{"_acf_changed":false,"footnotes":""},"class_list":["post-172","page","type-page","status-publish","hentry"],"acf":[],"yoast_head":"<!-- This site is optimized with the Yoast SEO plugin v25.6 - https:\/\/yoast.com\/wordpress\/plugins\/seo\/ -->\n<title>Invasions! - Engage&#039;<\/title>\n<meta name=\"robots\" content=\"index, follow, max-snippet:-1, max-image-preview:large, max-video-preview:-1\" \/>\n<link rel=\"canonical\" href=\"https:\/\/blog.unifr.ch\/engage\/invasions\/\" \/>\n<meta property=\"og:locale\" content=\"fr_FR\" \/>\n<meta property=\"og:type\" content=\"article\" \/>\n<meta property=\"og:title\" content=\"Invasions! - Engage&#039;\" \/>\n<meta property=\"og:description\" content=\"L\u2019ambroisie, Ambrosia artemisiifolia, est une plante envahissante qui est en train de se r\u00e9pandre sur tout le continent europ\u00e9en. Les r\u00e9actions allergiques et asthmatiques caus\u00e9es par son pollen, ainsi que sa prolif\u00e9ration dans les terrains de culture sont en train de co\u00fbter \u00e0 l\u2019Europe quelques 4,5 Milliards par an. La solution pourrait \u00eatre de rel\u00e2cher [&hellip;]\" \/>\n<meta property=\"og:url\" content=\"https:\/\/blog.unifr.ch\/engage\/invasions\/\" \/>\n<meta property=\"og:site_name\" content=\"Engage&#039;\" \/>\n<meta property=\"article:modified_time\" content=\"2019-10-10T09:10:01+00:00\" \/>\n<meta property=\"og:image\" content=\"https:\/\/blog.unifr.ch\/engage\/wp-content\/uploads\/2019\/09\/Capture-d\u2019e\u0301cran-2019-09-17-a\u0300-15.54.54.png\" \/>\n\t<meta property=\"og:image:width\" content=\"1034\" \/>\n\t<meta property=\"og:image:height\" content=\"404\" \/>\n\t<meta property=\"og:image:type\" content=\"image\/png\" \/>\n<meta name=\"twitter:card\" content=\"summary_large_image\" \/>\n<script type=\"application\/ld+json\" class=\"yoast-schema-graph\">{\"@context\":\"https:\/\/schema.org\",\"@graph\":[{\"@type\":\"WebPage\",\"@id\":\"https:\/\/blog.unifr.ch\/engage\/invasions\/\",\"url\":\"https:\/\/blog.unifr.ch\/engage\/invasions\/\",\"name\":\"Invasions! - Engage&#039;\",\"isPartOf\":{\"@id\":\"https:\/\/blog.unifr.ch\/engage\/#website\"},\"datePublished\":\"2019-10-10T09:08:27+00:00\",\"dateModified\":\"2019-10-10T09:10:01+00:00\",\"breadcrumb\":{\"@id\":\"https:\/\/blog.unifr.ch\/engage\/invasions\/#breadcrumb\"},\"inLanguage\":\"fr-FR\",\"potentialAction\":[{\"@type\":\"ReadAction\",\"target\":[\"https:\/\/blog.unifr.ch\/engage\/invasions\/\"]}]},{\"@type\":\"BreadcrumbList\",\"@id\":\"https:\/\/blog.unifr.ch\/engage\/invasions\/#breadcrumb\",\"itemListElement\":[{\"@type\":\"ListItem\",\"position\":1,\"name\":\"Accueil\",\"item\":\"https:\/\/blog.unifr.ch\/engage\/\"},{\"@type\":\"ListItem\",\"position\":2,\"name\":\"Invasions!\"}]},{\"@type\":\"WebSite\",\"@id\":\"https:\/\/blog.unifr.ch\/engage\/#website\",\"url\":\"https:\/\/blog.unifr.ch\/engage\/\",\"name\":\"Engage&#039;\",\"description\":\"Un site utilisant HEP Multisite\",\"potentialAction\":[{\"@type\":\"SearchAction\",\"target\":{\"@type\":\"EntryPoint\",\"urlTemplate\":\"https:\/\/blog.unifr.ch\/engage\/?s={search_term_string}\"},\"query-input\":{\"@type\":\"PropertyValueSpecification\",\"valueRequired\":true,\"valueName\":\"search_term_string\"}}],\"inLanguage\":\"fr-FR\"}]}<\/script>\n<!-- \/ Yoast SEO plugin. -->","yoast_head_json":{"title":"Invasions! - Engage&#039;","robots":{"index":"index","follow":"follow","max-snippet":"max-snippet:-1","max-image-preview":"max-image-preview:large","max-video-preview":"max-video-preview:-1"},"canonical":"https:\/\/blog.unifr.ch\/engage\/invasions\/","og_locale":"fr_FR","og_type":"article","og_title":"Invasions! - Engage&#039;","og_description":"L\u2019ambroisie, Ambrosia artemisiifolia, est une plante envahissante qui est en train de se r\u00e9pandre sur tout le continent europ\u00e9en. Les r\u00e9actions allergiques et asthmatiques caus\u00e9es par son pollen, ainsi que sa prolif\u00e9ration dans les terrains de culture sont en train de co\u00fbter \u00e0 l\u2019Europe quelques 4,5 Milliards par an. La solution pourrait \u00eatre de rel\u00e2cher [&hellip;]","og_url":"https:\/\/blog.unifr.ch\/engage\/invasions\/","og_site_name":"Engage&#039;","article_modified_time":"2019-10-10T09:10:01+00:00","og_image":[{"width":1034,"height":404,"url":"https:\/\/blog.unifr.ch\/engage\/wp-content\/uploads\/2019\/09\/Capture-d\u2019e\u0301cran-2019-09-17-a\u0300-15.54.54.png","type":"image\/png"}],"twitter_card":"summary_large_image","schema":{"@context":"https:\/\/schema.org","@graph":[{"@type":"WebPage","@id":"https:\/\/blog.unifr.ch\/engage\/invasions\/","url":"https:\/\/blog.unifr.ch\/engage\/invasions\/","name":"Invasions! - Engage&#039;","isPartOf":{"@id":"https:\/\/blog.unifr.ch\/engage\/#website"},"datePublished":"2019-10-10T09:08:27+00:00","dateModified":"2019-10-10T09:10:01+00:00","breadcrumb":{"@id":"https:\/\/blog.unifr.ch\/engage\/invasions\/#breadcrumb"},"inLanguage":"fr-FR","potentialAction":[{"@type":"ReadAction","target":["https:\/\/blog.unifr.ch\/engage\/invasions\/"]}]},{"@type":"BreadcrumbList","@id":"https:\/\/blog.unifr.ch\/engage\/invasions\/#breadcrumb","itemListElement":[{"@type":"ListItem","position":1,"name":"Accueil","item":"https:\/\/blog.unifr.ch\/engage\/"},{"@type":"ListItem","position":2,"name":"Invasions!"}]},{"@type":"WebSite","@id":"https:\/\/blog.unifr.ch\/engage\/#website","url":"https:\/\/blog.unifr.ch\/engage\/","name":"Engage&#039;","description":"Un site utilisant HEP Multisite","potentialAction":[{"@type":"SearchAction","target":{"@type":"EntryPoint","urlTemplate":"https:\/\/blog.unifr.ch\/engage\/?s={search_term_string}"},"query-input":{"@type":"PropertyValueSpecification","valueRequired":true,"valueName":"search_term_string"}}],"inLanguage":"fr-FR"}]}},"_links":{"self":[{"href":"https:\/\/blog.unifr.ch\/engage\/wp-json\/wp\/v2\/pages\/172","targetHints":{"allow":["GET"]}}],"collection":[{"href":"https:\/\/blog.unifr.ch\/engage\/wp-json\/wp\/v2\/pages"}],"about":[{"href":"https:\/\/blog.unifr.ch\/engage\/wp-json\/wp\/v2\/types\/page"}],"author":[{"embeddable":true,"href":"https:\/\/blog.unifr.ch\/engage\/wp-json\/wp\/v2\/users\/4"}],"replies":[{"embeddable":true,"href":"https:\/\/blog.unifr.ch\/engage\/wp-json\/wp\/v2\/comments?post=172"}],"version-history":[{"count":2,"href":"https:\/\/blog.unifr.ch\/engage\/wp-json\/wp\/v2\/pages\/172\/revisions"}],"predecessor-version":[{"id":176,"href":"https:\/\/blog.unifr.ch\/engage\/wp-json\/wp\/v2\/pages\/172\/revisions\/176"}],"wp:attachment":[{"href":"https:\/\/blog.unifr.ch\/engage\/wp-json\/wp\/v2\/media?parent=172"}],"curies":[{"name":"wp","href":"https:\/\/api.w.org\/{rel}","templated":true}]}}