{"id":279,"date":"2019-11-05T15:42:45","date_gmt":"2019-11-05T14:42:45","guid":{"rendered":"https:\/\/blog.unifr.ch\/engage\/?page_id=279"},"modified":"2020-03-05T11:54:58","modified_gmt":"2020-03-05T10:54:58","slug":"exterminer","status":"publish","type":"page","link":"https:\/\/blog.unifr.ch\/engage\/exterminer\/","title":{"rendered":"Exterminer !"},"content":{"rendered":"<p>Les moustiques sont les animaux les plus dangereux au monde\u00a0: ils causent plus d\u2019un million de d\u00e9c\u00e8s par an en v\u00e9hiculant des maladies comme le paludisme, le zika et la dengue. Cependant, il existe potentiellement une solution\u00a0: pourquoi ne pas exterminer toutes les esp\u00e8ces de moustiques vecteurs de maladies\u00a0? Une m\u00e9thode serait de diss\u00e9miner des moustiques m\u00e2les transg\u00e9niques dans l\u2019environnement, qui transmettraient un g\u00e8ne l\u00e9tal \u00e0 leur descendance. Dans cette activit\u00e9, les apprenants appliqueront leurs connaissances concernant l\u2019interd\u00e9pendance et utiliseront leurs comp\u00e9tences dans la d\u00e9marche scientifique pour d\u00e9cider s\u2019ils pensent que cette id\u00e9e est judicieuse.<\/p>\n<p>Mat\u00e9riel pour plusieurs s\u00e9quences d&rsquo;enseignement.<\/p>\n","protected":false},"excerpt":{"rendered":"<p>Les moustiques sont les animaux les plus dangereux au monde\u00a0: ils causent plus d\u2019un million de d\u00e9c\u00e8s par an en v\u00e9hiculant des maladies comme le paludisme, le zika et la dengue. Cependant, il existe potentiellement une solution\u00a0: pourquoi ne pas exterminer toutes les esp\u00e8ces de moustiques vecteurs de maladies\u00a0? Une m\u00e9thode serait de diss\u00e9miner des [&hellip;]<\/p>\n","protected":false},"author":4,"featured_media":0,"parent":0,"menu_order":0,"comment_status":"closed","ping_status":"closed","template":"","meta":{"_acf_changed":false,"footnotes":""},"class_list":["post-279","page","type-page","status-publish","hentry"],"acf":[],"yoast_head":"<!-- This site is optimized with the Yoast SEO plugin v25.6 - https:\/\/yoast.com\/wordpress\/plugins\/seo\/ -->\n<title>Exterminer ! - Engage&#039;<\/title>\n<meta name=\"robots\" content=\"index, follow, max-snippet:-1, max-image-preview:large, max-video-preview:-1\" \/>\n<link rel=\"canonical\" href=\"https:\/\/blog.unifr.ch\/engage\/exterminer\/\" \/>\n<meta property=\"og:locale\" content=\"fr_FR\" \/>\n<meta property=\"og:type\" content=\"article\" \/>\n<meta property=\"og:title\" content=\"Exterminer ! - Engage&#039;\" \/>\n<meta property=\"og:description\" content=\"Les moustiques sont les animaux les plus dangereux au monde\u00a0: ils causent plus d\u2019un million de d\u00e9c\u00e8s par an en v\u00e9hiculant des maladies comme le paludisme, le zika et la dengue. Cependant, il existe potentiellement une solution\u00a0: pourquoi ne pas exterminer toutes les esp\u00e8ces de moustiques vecteurs de maladies\u00a0? Une m\u00e9thode serait de diss\u00e9miner des [&hellip;]\" \/>\n<meta property=\"og:url\" content=\"https:\/\/blog.unifr.ch\/engage\/exterminer\/\" \/>\n<meta property=\"og:site_name\" content=\"Engage&#039;\" \/>\n<meta property=\"article:modified_time\" content=\"2020-03-05T10:54:58+00:00\" \/>\n<meta property=\"og:image\" content=\"https:\/\/blog.unifr.ch\/engage\/wp-content\/uploads\/2019\/09\/Capture-d\u2019e\u0301cran-2019-09-17-a\u0300-15.54.54.png\" \/>\n\t<meta property=\"og:image:width\" content=\"1034\" \/>\n\t<meta property=\"og:image:height\" content=\"404\" \/>\n\t<meta property=\"og:image:type\" content=\"image\/png\" \/>\n<meta name=\"twitter:card\" content=\"summary_large_image\" \/>\n<meta name=\"twitter:label1\" content=\"Dur\u00e9e de lecture estim\u00e9e\" \/>\n\t<meta name=\"twitter:data1\" content=\"1 minute\" \/>\n<script type=\"application\/ld+json\" class=\"yoast-schema-graph\">{\"@context\":\"https:\/\/schema.org\",\"@graph\":[{\"@type\":\"WebPage\",\"@id\":\"https:\/\/blog.unifr.ch\/engage\/exterminer\/\",\"url\":\"https:\/\/blog.unifr.ch\/engage\/exterminer\/\",\"name\":\"Exterminer ! - Engage&#039;\",\"isPartOf\":{\"@id\":\"https:\/\/blog.unifr.ch\/engage\/#website\"},\"datePublished\":\"2019-11-05T14:42:45+00:00\",\"dateModified\":\"2020-03-05T10:54:58+00:00\",\"breadcrumb\":{\"@id\":\"https:\/\/blog.unifr.ch\/engage\/exterminer\/#breadcrumb\"},\"inLanguage\":\"fr-FR\",\"potentialAction\":[{\"@type\":\"ReadAction\",\"target\":[\"https:\/\/blog.unifr.ch\/engage\/exterminer\/\"]}]},{\"@type\":\"BreadcrumbList\",\"@id\":\"https:\/\/blog.unifr.ch\/engage\/exterminer\/#breadcrumb\",\"itemListElement\":[{\"@type\":\"ListItem\",\"position\":1,\"name\":\"Accueil\",\"item\":\"https:\/\/blog.unifr.ch\/engage\/\"},{\"@type\":\"ListItem\",\"position\":2,\"name\":\"Exterminer !\"}]},{\"@type\":\"WebSite\",\"@id\":\"https:\/\/blog.unifr.ch\/engage\/#website\",\"url\":\"https:\/\/blog.unifr.ch\/engage\/\",\"name\":\"Engage&#039;\",\"description\":\"Un site utilisant HEP Multisite\",\"potentialAction\":[{\"@type\":\"SearchAction\",\"target\":{\"@type\":\"EntryPoint\",\"urlTemplate\":\"https:\/\/blog.unifr.ch\/engage\/?s={search_term_string}\"},\"query-input\":{\"@type\":\"PropertyValueSpecification\",\"valueRequired\":true,\"valueName\":\"search_term_string\"}}],\"inLanguage\":\"fr-FR\"}]}<\/script>\n<!-- \/ Yoast SEO plugin. -->","yoast_head_json":{"title":"Exterminer ! - Engage&#039;","robots":{"index":"index","follow":"follow","max-snippet":"max-snippet:-1","max-image-preview":"max-image-preview:large","max-video-preview":"max-video-preview:-1"},"canonical":"https:\/\/blog.unifr.ch\/engage\/exterminer\/","og_locale":"fr_FR","og_type":"article","og_title":"Exterminer ! - Engage&#039;","og_description":"Les moustiques sont les animaux les plus dangereux au monde\u00a0: ils causent plus d\u2019un million de d\u00e9c\u00e8s par an en v\u00e9hiculant des maladies comme le paludisme, le zika et la dengue. Cependant, il existe potentiellement une solution\u00a0: pourquoi ne pas exterminer toutes les esp\u00e8ces de moustiques vecteurs de maladies\u00a0? Une m\u00e9thode serait de diss\u00e9miner des [&hellip;]","og_url":"https:\/\/blog.unifr.ch\/engage\/exterminer\/","og_site_name":"Engage&#039;","article_modified_time":"2020-03-05T10:54:58+00:00","og_image":[{"width":1034,"height":404,"url":"https:\/\/blog.unifr.ch\/engage\/wp-content\/uploads\/2019\/09\/Capture-d\u2019e\u0301cran-2019-09-17-a\u0300-15.54.54.png","type":"image\/png"}],"twitter_card":"summary_large_image","twitter_misc":{"Dur\u00e9e de lecture estim\u00e9e":"1 minute"},"schema":{"@context":"https:\/\/schema.org","@graph":[{"@type":"WebPage","@id":"https:\/\/blog.unifr.ch\/engage\/exterminer\/","url":"https:\/\/blog.unifr.ch\/engage\/exterminer\/","name":"Exterminer ! - Engage&#039;","isPartOf":{"@id":"https:\/\/blog.unifr.ch\/engage\/#website"},"datePublished":"2019-11-05T14:42:45+00:00","dateModified":"2020-03-05T10:54:58+00:00","breadcrumb":{"@id":"https:\/\/blog.unifr.ch\/engage\/exterminer\/#breadcrumb"},"inLanguage":"fr-FR","potentialAction":[{"@type":"ReadAction","target":["https:\/\/blog.unifr.ch\/engage\/exterminer\/"]}]},{"@type":"BreadcrumbList","@id":"https:\/\/blog.unifr.ch\/engage\/exterminer\/#breadcrumb","itemListElement":[{"@type":"ListItem","position":1,"name":"Accueil","item":"https:\/\/blog.unifr.ch\/engage\/"},{"@type":"ListItem","position":2,"name":"Exterminer !"}]},{"@type":"WebSite","@id":"https:\/\/blog.unifr.ch\/engage\/#website","url":"https:\/\/blog.unifr.ch\/engage\/","name":"Engage&#039;","description":"Un site utilisant HEP Multisite","potentialAction":[{"@type":"SearchAction","target":{"@type":"EntryPoint","urlTemplate":"https:\/\/blog.unifr.ch\/engage\/?s={search_term_string}"},"query-input":{"@type":"PropertyValueSpecification","valueRequired":true,"valueName":"search_term_string"}}],"inLanguage":"fr-FR"}]}},"_links":{"self":[{"href":"https:\/\/blog.unifr.ch\/engage\/wp-json\/wp\/v2\/pages\/279","targetHints":{"allow":["GET"]}}],"collection":[{"href":"https:\/\/blog.unifr.ch\/engage\/wp-json\/wp\/v2\/pages"}],"about":[{"href":"https:\/\/blog.unifr.ch\/engage\/wp-json\/wp\/v2\/types\/page"}],"author":[{"embeddable":true,"href":"https:\/\/blog.unifr.ch\/engage\/wp-json\/wp\/v2\/users\/4"}],"replies":[{"embeddable":true,"href":"https:\/\/blog.unifr.ch\/engage\/wp-json\/wp\/v2\/comments?post=279"}],"version-history":[{"count":3,"href":"https:\/\/blog.unifr.ch\/engage\/wp-json\/wp\/v2\/pages\/279\/revisions"}],"predecessor-version":[{"id":326,"href":"https:\/\/blog.unifr.ch\/engage\/wp-json\/wp\/v2\/pages\/279\/revisions\/326"}],"wp:attachment":[{"href":"https:\/\/blog.unifr.ch\/engage\/wp-json\/wp\/v2\/media?parent=279"}],"curies":[{"name":"wp","href":"https:\/\/api.w.org\/{rel}","templated":true}]}}