{"id":94,"date":"2019-10-09T19:44:03","date_gmt":"2019-10-09T17:44:03","guid":{"rendered":"https:\/\/blog.unifr.ch\/engage\/?page_id=94"},"modified":"2019-10-09T19:44:03","modified_gmt":"2019-10-09T17:44:03","slug":"prendre-une-decision","status":"publish","type":"page","link":"https:\/\/blog.unifr.ch\/engage\/prendre-une-decision\/","title":{"rendered":"Prendre une d\u00e9cision"},"content":{"rendered":"<p>Les porteurs d\u2019une maladie h\u00e9r\u00e9ditaire doivent prendre des d\u00e9cisions difficiles, notamment penser \u00e0 ce qu\u2019ils voudront faire s\u2019ils souhaitent avoir des enfants. Dans cette activit\u00e9, les \u00e9tudiants vont jouer le r\u00f4le d\u2019un couple porteur de b\u00eata-thalass\u00e9mie majeure. Sur quelles bases prendront-ils leur d\u00e9cision?<\/p>\n","protected":false},"excerpt":{"rendered":"<p>Les porteurs d\u2019une maladie h\u00e9r\u00e9ditaire doivent prendre des d\u00e9cisions difficiles, notamment penser \u00e0 ce qu\u2019ils voudront faire s\u2019ils souhaitent avoir des enfants. Dans cette activit\u00e9, les \u00e9tudiants vont jouer le r\u00f4le d\u2019un couple porteur de b\u00eata-thalass\u00e9mie majeure. Sur quelles bases prendront-ils leur d\u00e9cision?<\/p>\n","protected":false},"author":4,"featured_media":0,"parent":0,"menu_order":0,"comment_status":"closed","ping_status":"closed","template":"","meta":{"_acf_changed":false,"footnotes":""},"class_list":["post-94","page","type-page","status-publish","hentry"],"acf":[],"yoast_head":"<!-- This site is optimized with the Yoast SEO plugin v25.6 - https:\/\/yoast.com\/wordpress\/plugins\/seo\/ -->\n<title>Prendre une d\u00e9cision - Engage&#039;<\/title>\n<meta name=\"robots\" content=\"index, follow, max-snippet:-1, max-image-preview:large, max-video-preview:-1\" \/>\n<link rel=\"canonical\" href=\"https:\/\/blog.unifr.ch\/engage\/prendre-une-decision\/\" \/>\n<meta property=\"og:locale\" content=\"fr_FR\" \/>\n<meta property=\"og:type\" content=\"article\" \/>\n<meta property=\"og:title\" content=\"Prendre une d\u00e9cision - Engage&#039;\" \/>\n<meta property=\"og:description\" content=\"Les porteurs d\u2019une maladie h\u00e9r\u00e9ditaire doivent prendre des d\u00e9cisions difficiles, notamment penser \u00e0 ce qu\u2019ils voudront faire s\u2019ils souhaitent avoir des enfants. Dans cette activit\u00e9, les \u00e9tudiants vont jouer le r\u00f4le d\u2019un couple porteur de b\u00eata-thalass\u00e9mie majeure. Sur quelles bases prendront-ils leur d\u00e9cision?\" \/>\n<meta property=\"og:url\" content=\"https:\/\/blog.unifr.ch\/engage\/prendre-une-decision\/\" \/>\n<meta property=\"og:site_name\" content=\"Engage&#039;\" \/>\n<meta property=\"og:image\" content=\"https:\/\/blog.unifr.ch\/engage\/wp-content\/uploads\/2019\/09\/Capture-d\u2019e\u0301cran-2019-09-17-a\u0300-15.54.54.png\" \/>\n\t<meta property=\"og:image:width\" content=\"1034\" \/>\n\t<meta property=\"og:image:height\" content=\"404\" \/>\n\t<meta property=\"og:image:type\" content=\"image\/png\" \/>\n<meta name=\"twitter:card\" content=\"summary_large_image\" \/>\n<script type=\"application\/ld+json\" class=\"yoast-schema-graph\">{\"@context\":\"https:\/\/schema.org\",\"@graph\":[{\"@type\":\"WebPage\",\"@id\":\"https:\/\/blog.unifr.ch\/engage\/prendre-une-decision\/\",\"url\":\"https:\/\/blog.unifr.ch\/engage\/prendre-une-decision\/\",\"name\":\"Prendre une d\u00e9cision - Engage&#039;\",\"isPartOf\":{\"@id\":\"https:\/\/blog.unifr.ch\/engage\/#website\"},\"datePublished\":\"2019-10-09T17:44:03+00:00\",\"breadcrumb\":{\"@id\":\"https:\/\/blog.unifr.ch\/engage\/prendre-une-decision\/#breadcrumb\"},\"inLanguage\":\"fr-FR\",\"potentialAction\":[{\"@type\":\"ReadAction\",\"target\":[\"https:\/\/blog.unifr.ch\/engage\/prendre-une-decision\/\"]}]},{\"@type\":\"BreadcrumbList\",\"@id\":\"https:\/\/blog.unifr.ch\/engage\/prendre-une-decision\/#breadcrumb\",\"itemListElement\":[{\"@type\":\"ListItem\",\"position\":1,\"name\":\"Accueil\",\"item\":\"https:\/\/blog.unifr.ch\/engage\/\"},{\"@type\":\"ListItem\",\"position\":2,\"name\":\"Prendre une d\u00e9cision\"}]},{\"@type\":\"WebSite\",\"@id\":\"https:\/\/blog.unifr.ch\/engage\/#website\",\"url\":\"https:\/\/blog.unifr.ch\/engage\/\",\"name\":\"Engage&#039;\",\"description\":\"Un site utilisant HEP Multisite\",\"potentialAction\":[{\"@type\":\"SearchAction\",\"target\":{\"@type\":\"EntryPoint\",\"urlTemplate\":\"https:\/\/blog.unifr.ch\/engage\/?s={search_term_string}\"},\"query-input\":{\"@type\":\"PropertyValueSpecification\",\"valueRequired\":true,\"valueName\":\"search_term_string\"}}],\"inLanguage\":\"fr-FR\"}]}<\/script>\n<!-- \/ Yoast SEO plugin. -->","yoast_head_json":{"title":"Prendre une d\u00e9cision - Engage&#039;","robots":{"index":"index","follow":"follow","max-snippet":"max-snippet:-1","max-image-preview":"max-image-preview:large","max-video-preview":"max-video-preview:-1"},"canonical":"https:\/\/blog.unifr.ch\/engage\/prendre-une-decision\/","og_locale":"fr_FR","og_type":"article","og_title":"Prendre une d\u00e9cision - Engage&#039;","og_description":"Les porteurs d\u2019une maladie h\u00e9r\u00e9ditaire doivent prendre des d\u00e9cisions difficiles, notamment penser \u00e0 ce qu\u2019ils voudront faire s\u2019ils souhaitent avoir des enfants. Dans cette activit\u00e9, les \u00e9tudiants vont jouer le r\u00f4le d\u2019un couple porteur de b\u00eata-thalass\u00e9mie majeure. Sur quelles bases prendront-ils leur d\u00e9cision?","og_url":"https:\/\/blog.unifr.ch\/engage\/prendre-une-decision\/","og_site_name":"Engage&#039;","og_image":[{"width":1034,"height":404,"url":"https:\/\/blog.unifr.ch\/engage\/wp-content\/uploads\/2019\/09\/Capture-d\u2019e\u0301cran-2019-09-17-a\u0300-15.54.54.png","type":"image\/png"}],"twitter_card":"summary_large_image","schema":{"@context":"https:\/\/schema.org","@graph":[{"@type":"WebPage","@id":"https:\/\/blog.unifr.ch\/engage\/prendre-une-decision\/","url":"https:\/\/blog.unifr.ch\/engage\/prendre-une-decision\/","name":"Prendre une d\u00e9cision - Engage&#039;","isPartOf":{"@id":"https:\/\/blog.unifr.ch\/engage\/#website"},"datePublished":"2019-10-09T17:44:03+00:00","breadcrumb":{"@id":"https:\/\/blog.unifr.ch\/engage\/prendre-une-decision\/#breadcrumb"},"inLanguage":"fr-FR","potentialAction":[{"@type":"ReadAction","target":["https:\/\/blog.unifr.ch\/engage\/prendre-une-decision\/"]}]},{"@type":"BreadcrumbList","@id":"https:\/\/blog.unifr.ch\/engage\/prendre-une-decision\/#breadcrumb","itemListElement":[{"@type":"ListItem","position":1,"name":"Accueil","item":"https:\/\/blog.unifr.ch\/engage\/"},{"@type":"ListItem","position":2,"name":"Prendre une d\u00e9cision"}]},{"@type":"WebSite","@id":"https:\/\/blog.unifr.ch\/engage\/#website","url":"https:\/\/blog.unifr.ch\/engage\/","name":"Engage&#039;","description":"Un site utilisant HEP Multisite","potentialAction":[{"@type":"SearchAction","target":{"@type":"EntryPoint","urlTemplate":"https:\/\/blog.unifr.ch\/engage\/?s={search_term_string}"},"query-input":{"@type":"PropertyValueSpecification","valueRequired":true,"valueName":"search_term_string"}}],"inLanguage":"fr-FR"}]}},"_links":{"self":[{"href":"https:\/\/blog.unifr.ch\/engage\/wp-json\/wp\/v2\/pages\/94","targetHints":{"allow":["GET"]}}],"collection":[{"href":"https:\/\/blog.unifr.ch\/engage\/wp-json\/wp\/v2\/pages"}],"about":[{"href":"https:\/\/blog.unifr.ch\/engage\/wp-json\/wp\/v2\/types\/page"}],"author":[{"embeddable":true,"href":"https:\/\/blog.unifr.ch\/engage\/wp-json\/wp\/v2\/users\/4"}],"replies":[{"embeddable":true,"href":"https:\/\/blog.unifr.ch\/engage\/wp-json\/wp\/v2\/comments?post=94"}],"version-history":[{"count":1,"href":"https:\/\/blog.unifr.ch\/engage\/wp-json\/wp\/v2\/pages\/94\/revisions"}],"predecessor-version":[{"id":97,"href":"https:\/\/blog.unifr.ch\/engage\/wp-json\/wp\/v2\/pages\/94\/revisions\/97"}],"wp:attachment":[{"href":"https:\/\/blog.unifr.ch\/engage\/wp-json\/wp\/v2\/media?parent=94"}],"curies":[{"name":"wp","href":"https:\/\/api.w.org\/{rel}","templated":true}]}}