{"id":4,"date":"2021-10-11T13:37:03","date_gmt":"2021-10-11T11:37:03","guid":{"rendered":"https:\/\/blog.unifr.ch\/litteraturejeunesse\/?page_id=4"},"modified":"2023-12-01T11:07:34","modified_gmt":"2023-12-01T10:07:34","slug":"accueil","status":"publish","type":"page","link":"https:\/\/blog.unifr.ch\/litteraturejeunesse\/","title":{"rendered":"Pourquoi ce blog?"},"content":{"rendered":"<p><img loading=\"lazy\" decoding=\"async\" class=\"wp-image-50 alignleft\" src=\"https:\/\/blog.unifr.ch\/litteraturejeunesse\/wp-content\/uploads\/sites\/15\/2021\/11\/9C403EEF-5C74-4403-AFB9-749E26EBF753_1_105_c.jpeg\" alt=\"\" width=\"329\" height=\"225\" srcset=\"https:\/\/blog.unifr.ch\/litteraturejeunesse\/wp-content\/uploads\/2021\/11\/9C403EEF-5C74-4403-AFB9-749E26EBF753_1_105_c.jpeg 1072w, https:\/\/blog.unifr.ch\/litteraturejeunesse\/wp-content\/uploads\/2021\/11\/9C403EEF-5C74-4403-AFB9-749E26EBF753_1_105_c-768x524.jpeg 768w, https:\/\/blog.unifr.ch\/litteraturejeunesse\/wp-content\/uploads\/2021\/11\/9C403EEF-5C74-4403-AFB9-749E26EBF753_1_105_c-293x200.jpeg 293w, https:\/\/blog.unifr.ch\/litteraturejeunesse\/wp-content\/uploads\/2021\/11\/9C403EEF-5C74-4403-AFB9-749E26EBF753_1_105_c-586x400.jpeg 586w\" sizes=\"auto, (max-width: 329px) 100vw, 329px\" \/><\/p>\n<p>Parce que l&rsquo;on a tous et toutes des livres qui nous ont aid\u00e9s \u00e0 grandir,<\/p>\n<p>Parce que derri\u00e8re les mots il y a l&rsquo;imaginaire, la peur, les petits bonheurs et des propositions de r\u00e9ponses \u00e0 nos propres trajectoires,<\/p>\n<p>Parce que nous, acteurs et actrices de l&rsquo;\u00e9ducation, nous avons le r\u00f4le primordial de donner \u00e0 nos \u00e9l\u00e8ves les cl\u00e9s pour acc\u00e9der au monde des r\u00e9cits,<\/p>\n<p>Parce qu&rsquo;il y a les Classiques et les Nouveaut\u00e9s,<\/p>\n<p>Parce que le panel offert est sans cesse renouvel\u00e9 pour demeurer en lien avec le monde et les grandes questions du moment,<\/p>\n<p>Parce que les instants de narrations rassemblent,<img loading=\"lazy\" decoding=\"async\" class=\"wp-image-49 alignright\" src=\"https:\/\/blog.unifr.ch\/litteraturejeunesse\/wp-content\/uploads\/sites\/15\/2021\/11\/5B80F3A3-BF3C-410B-8191-39A2C54ADF42_1_105_c.jpeg\" alt=\"\" width=\"468\" height=\"338\" srcset=\"https:\/\/blog.unifr.ch\/litteraturejeunesse\/wp-content\/uploads\/2021\/11\/5B80F3A3-BF3C-410B-8191-39A2C54ADF42_1_105_c.jpeg 1044w, https:\/\/blog.unifr.ch\/litteraturejeunesse\/wp-content\/uploads\/2021\/11\/5B80F3A3-BF3C-410B-8191-39A2C54ADF42_1_105_c-768x554.jpeg 768w, https:\/\/blog.unifr.ch\/litteraturejeunesse\/wp-content\/uploads\/2021\/11\/5B80F3A3-BF3C-410B-8191-39A2C54ADF42_1_105_c-277x200.jpeg 277w, https:\/\/blog.unifr.ch\/litteraturejeunesse\/wp-content\/uploads\/2021\/11\/5B80F3A3-BF3C-410B-8191-39A2C54ADF42_1_105_c-555x400.jpeg 555w\" sizes=\"auto, (max-width: 468px) 100vw, 468px\" \/><\/p>\n<p>Parce que plus on lit, plus on en a envie,<\/p>\n<p>Parce que les go\u00fbts sont personnels et les \u00ab\u00a0droits du lecteur\u00a0\u00bb sont respect\u00e9s,<\/p>\n<p>Parce que les \u00e9l\u00e8ves deviennent, au fil de leur scolarit\u00e9, d\u00e9tenteurs \u00e0 leur tour de ces tr\u00e9sors de papier,<\/p>\n<p>Ce blog de litt\u00e9rature jeunesse a pour vis\u00e9e de permettre \u00e0 nos \u00e9tudiants et \u00e9tudiantes de premi\u00e8re ann\u00e9e de formation de faire entendre leur voix en choisissant, proposant et pr\u00e9sentant un ouvrage du genre en mode \u00ab\u00a0coup de coeur\u00a0\u00bb ou \u00ab\u00a0coup de raison\u00a0\u00bb.<\/p>\n<p>Un livre \u00e0 partager avec les \u00e9l\u00e8ves.<\/p>\n<p>Un livre qui les anime que ce soit pour sa trame, son th\u00e8me, ses illustrations, sa plume, sa pertinence, son originalit\u00e9, &#8230;<\/p>\n<p>Dans l&rsquo;espoir que cette biblioth\u00e8que virtuelle puisse leur servir de ressources dans leurs enseignements futurs, ce site est \u00e0 consid\u00e9rer en \u00e9ternel mouvement et non comme une fin en soi.<\/p>\n<p>&nbsp;<\/p>\n<p><em>Images extraites des carnets de croquis de Catherine Louis , pour le livre L&rsquo;\u00ecle de Victor et publi\u00e9es avec l&rsquo;aimable autorisation de l&rsquo;illustratrice.<\/em><\/p>\n<p>&nbsp;<\/p>\n<p>&nbsp;<\/p>\n","protected":false},"excerpt":{"rendered":"<p>Parce que l&rsquo;on a tous et toutes des livres qui nous ont aid\u00e9s \u00e0 grandir, Parce que derri\u00e8re les mots il y a l&rsquo;imaginaire, la peur, les petits bonheurs et des propositions de r\u00e9ponses \u00e0 nos propres trajectoires, Parce que nous, acteurs et actrices de l&rsquo;\u00e9ducation, nous avons le r\u00f4le primordial de donner \u00e0 nos [&hellip;]<\/p>\n","protected":false},"author":17,"featured_media":50,"parent":0,"menu_order":0,"comment_status":"closed","ping_status":"closed","template":"","meta":{"_acf_changed":false,"footnotes":""},"class_list":["post-4","page","type-page","status-publish","has-post-thumbnail","hentry"],"acf":[],"_links":{"self":[{"href":"https:\/\/blog.unifr.ch\/litteraturejeunesse\/wp-json\/wp\/v2\/pages\/4","targetHints":{"allow":["GET"]}}],"collection":[{"href":"https:\/\/blog.unifr.ch\/litteraturejeunesse\/wp-json\/wp\/v2\/pages"}],"about":[{"href":"https:\/\/blog.unifr.ch\/litteraturejeunesse\/wp-json\/wp\/v2\/types\/page"}],"author":[{"embeddable":true,"href":"https:\/\/blog.unifr.ch\/litteraturejeunesse\/wp-json\/wp\/v2\/users\/17"}],"replies":[{"embeddable":true,"href":"https:\/\/blog.unifr.ch\/litteraturejeunesse\/wp-json\/wp\/v2\/comments?post=4"}],"version-history":[{"count":17,"href":"https:\/\/blog.unifr.ch\/litteraturejeunesse\/wp-json\/wp\/v2\/pages\/4\/revisions"}],"predecessor-version":[{"id":4234,"href":"https:\/\/blog.unifr.ch\/litteraturejeunesse\/wp-json\/wp\/v2\/pages\/4\/revisions\/4234"}],"wp:featuredmedia":[{"embeddable":true,"href":"https:\/\/blog.unifr.ch\/litteraturejeunesse\/wp-json\/wp\/v2\/media\/50"}],"wp:attachment":[{"href":"https:\/\/blog.unifr.ch\/litteraturejeunesse\/wp-json\/wp\/v2\/media?parent=4"}],"curies":[{"name":"wp","href":"https:\/\/api.w.org\/{rel}","templated":true}]}}

<p><img loading="lazy" decoding="async" class="wp-image-50 alignleft" src="https://blog.unifr.ch/litteraturejeunesse/wp-content/uploads/sites/15/2021/11/9C403EEF-5C74-4403-AFB9-749E26EBF753_1_105_c.jpeg" alt="" width="329" height="225" srcset="https://blog.unifr.ch/litteraturejeunesse/wp-content/uploads/2021/11/9C403EEF-5C74-4403-AFB9-749E26EBF753_1_105_c.jpeg 1072w, https://blog.unifr.ch/litteraturejeunesse/wp-content/uploads/2021/11/9C403EEF-5C74-4403-AFB9-749E26EBF753_1_105_c-768x524.jpeg 768w, https://blog.unifr.ch/litteraturejeunesse/wp-content/uploads/2021/11/9C403EEF-5C74-4403-AFB9-749E26EBF753_1_105_c-293x200.jpeg 293w, https://blog.unifr.ch/litteraturejeunesse/wp-content/uploads/2021/11/9C403EEF-5C74-4403-AFB9-749E26EBF753_1_105_c-586x400.jpeg 586w" sizes="auto, (max-width: 329px) 100vw, 329px" /></p>
<p>Parce que l&rsquo;on a tous et toutes des livres qui nous ont aidés à grandir,</p>
<p>Parce que derrière les mots il y a l&rsquo;imaginaire, la peur, les petits bonheurs et des propositions de réponses à nos propres trajectoires,</p>
<p>Parce que nous, acteurs et actrices de l&rsquo;éducation, nous avons le rôle primordial de donner à nos élèves les clés pour accéder au monde des récits,</p>
<p>Parce qu&rsquo;il y a les Classiques et les Nouveautés,</p>
<p>Parce que le panel offert est sans cesse renouvelé pour demeurer en lien avec le monde et les grandes questions du moment,</p>
<p>Parce que les instants de narrations rassemblent,<img loading="lazy" decoding="async" class="wp-image-49 alignright" src="https://blog.unifr.ch/litteraturejeunesse/wp-content/uploads/sites/15/2021/11/5B80F3A3-BF3C-410B-8191-39A2C54ADF42_1_105_c.jpeg" alt="" width="468" height="338" srcset="https://blog.unifr.ch/litteraturejeunesse/wp-content/uploads/2021/11/5B80F3A3-BF3C-410B-8191-39A2C54ADF42_1_105_c.jpeg 1044w, https://blog.unifr.ch/litteraturejeunesse/wp-content/uploads/2021/11/5B80F3A3-BF3C-410B-8191-39A2C54ADF42_1_105_c-768x554.jpeg 768w, https://blog.unifr.ch/litteraturejeunesse/wp-content/uploads/2021/11/5B80F3A3-BF3C-410B-8191-39A2C54ADF42_1_105_c-277x200.jpeg 277w, https://blog.unifr.ch/litteraturejeunesse/wp-content/uploads/2021/11/5B80F3A3-BF3C-410B-8191-39A2C54ADF42_1_105_c-555x400.jpeg 555w" sizes="auto, (max-width: 468px) 100vw, 468px" /></p>
<p>Parce que plus on lit, plus on en a envie,</p>
<p>Parce que les goûts sont personnels et les « droits du lecteur » sont respectés,</p>
<p>Parce que les élèves deviennent, au fil de leur scolarité, détenteurs à leur tour de ces trésors de papier,</p>
<p>Ce blog de littérature jeunesse a pour visée de permettre à nos étudiants et étudiantes de première année de formation de faire entendre leur voix en choisissant, proposant et présentant un ouvrage du genre en mode « coup de coeur » ou « coup de raison ».</p>
<p>Un livre à partager avec les élèves.</p>
<p>Un livre qui les anime que ce soit pour sa trame, son thème, ses illustrations, sa plume, sa pertinence, son originalité, &#8230;</p>
<p>Dans l&rsquo;espoir que cette bibliothèque virtuelle puisse leur servir de ressources dans leurs enseignements futurs, ce site est à considérer en éternel mouvement et non comme une fin en soi.</p>
<p>&nbsp;</p>
<p><em>Images extraites des carnets de croquis de Catherine Louis , pour le livre L&rsquo;ìle de Victor et publiées avec l&rsquo;aimable autorisation de l&rsquo;illustratrice.</em></p>
<p>&nbsp;</p>
<p>&nbsp;</p>

<p>Parce que l&rsquo;on a tous et toutes des livres qui nous ont aidés à grandir, Parce que derrière les mots il y a l&rsquo;imaginaire, la peur, les petits bonheurs et des propositions de réponses à nos propres trajectoires, Parce que nous, acteurs et actrices de l&rsquo;éducation, nous avons le rôle primordial de donner à nos [&hellip;]</p>
