{"id":1057,"date":"2026-01-19T17:50:43","date_gmt":"2026-01-19T16:50:43","guid":{"rendered":"https:\/\/blog.unifr.ch\/mathelier\/?page_id=1057"},"modified":"2026-01-19T18:03:43","modified_gmt":"2026-01-19T17:03:43","slug":"projet-personnalise","status":"publish","type":"page","link":"https:\/\/blog.unifr.ch\/mathelier\/projet-personnalise\/","title":{"rendered":"Projet personnalis\u00e9"},"content":{"rendered":"<p>Ce troisi\u00e8me axe est un peu diff\u00e9rent dans le sens o\u00f9 les enseignant.es sont invit\u00e9.es \u00e0 proposer des th\u00e9matiques sur lesquels ils.elles aimeraient obtenir des ressources ou simplement r\u00e9fl\u00e9chir \u00e0 l&rsquo;enseignement et l&rsquo;apprentissage de certains concepts math\u00e9matiques.<\/p>\n<p>Actuellement, nous sommes r\u00e9fl\u00e9chissons notamment \u00e0 l&rsquo;enseignement du th\u00e9or\u00e8me de Pythagore et d\u00e9velopper un mat\u00e9riel concret en se basant sur sa d\u00e9monstration. Nous sommes \u00e9galement en train de cr\u00e9er un jeu de soci\u00e9t\u00e9 sur les fractions avec la collaboration de Xavier Sauteur, lecteur \u00e0 l&rsquo;Universit\u00e9 de Fribourg et directeur d&rsquo;une soci\u00e9t\u00e9 sur le d\u00e9veloppement de comp\u00e9tences en ludop\u00e9dagogie (<a href=\"https:\/\/ludilinx.ch\/\">https:\/\/ludilinx.ch\/<\/a>).<\/p>\n<p>Si vous \u00eates int\u00e9ress\u00e9.es \u00e0 faire partie de la r\u00e9flexion ou tester ce mat\u00e9riel en cours d&rsquo;\u00e9laboration, n&rsquo;h\u00e9sitez pas \u00e0 nous contacter !<\/p>\n","protected":false},"excerpt":{"rendered":"<p>Ce troisi\u00e8me axe est un peu diff\u00e9rent dans le sens o\u00f9 les enseignant.es sont invit\u00e9.es \u00e0 proposer des th\u00e9matiques sur lesquels ils.elles aimeraient obtenir des ressources ou simplement r\u00e9fl\u00e9chir \u00e0 l&rsquo;enseignement et l&rsquo;apprentissage de certains concepts math\u00e9matiques. Actuellement, nous sommes r\u00e9fl\u00e9chissons notamment \u00e0 l&rsquo;enseignement du th\u00e9or\u00e8me de Pythagore et d\u00e9velopper un mat\u00e9riel concret en se [&hellip;]<\/p>\n","protected":false},"author":15,"featured_media":0,"parent":0,"menu_order":3,"comment_status":"closed","ping_status":"closed","template":"","meta":{"_acf_changed":false,"footnotes":""},"class_list":["post-1057","page","type-page","status-publish","hentry"],"acf":[],"yoast_head":"<!-- This site is optimized with the Yoast SEO plugin v25.6 - https:\/\/yoast.com\/wordpress\/plugins\/seo\/ -->\n<title>Projet personnalis\u00e9 - Mathelier<\/title>\n<meta name=\"robots\" content=\"index, follow, max-snippet:-1, max-image-preview:large, max-video-preview:-1\" \/>\n<link rel=\"canonical\" href=\"https:\/\/blog.unifr.ch\/mathelier\/projet-personnalise\/\" \/>\n<meta property=\"og:locale\" content=\"fr_FR\" \/>\n<meta property=\"og:type\" content=\"article\" \/>\n<meta property=\"og:title\" content=\"Projet personnalis\u00e9 - Mathelier\" \/>\n<meta property=\"og:description\" content=\"Ce troisi\u00e8me axe est un peu diff\u00e9rent dans le sens o\u00f9 les enseignant.es sont invit\u00e9.es \u00e0 proposer des th\u00e9matiques sur lesquels ils.elles aimeraient obtenir des ressources ou simplement r\u00e9fl\u00e9chir \u00e0 l&rsquo;enseignement et l&rsquo;apprentissage de certains concepts math\u00e9matiques. Actuellement, nous sommes r\u00e9fl\u00e9chissons notamment \u00e0 l&rsquo;enseignement du th\u00e9or\u00e8me de Pythagore et d\u00e9velopper un mat\u00e9riel concret en se [&hellip;]\" \/>\n<meta property=\"og:url\" content=\"https:\/\/blog.unifr.ch\/mathelier\/projet-personnalise\/\" \/>\n<meta property=\"og:site_name\" content=\"Mathelier\" \/>\n<meta property=\"article:modified_time\" content=\"2026-01-19T17:03:43+00:00\" \/>\n<meta name=\"twitter:card\" content=\"summary_large_image\" \/>\n<meta name=\"twitter:label1\" content=\"Dur\u00e9e de lecture estim\u00e9e\" \/>\n\t<meta name=\"twitter:data1\" content=\"1 minute\" \/>\n<script type=\"application\/ld+json\" class=\"yoast-schema-graph\">{\"@context\":\"https:\/\/schema.org\",\"@graph\":[{\"@type\":\"WebPage\",\"@id\":\"https:\/\/blog.unifr.ch\/mathelier\/projet-personnalise\/\",\"url\":\"https:\/\/blog.unifr.ch\/mathelier\/projet-personnalise\/\",\"name\":\"Projet personnalis\u00e9 - Mathelier\",\"isPartOf\":{\"@id\":\"https:\/\/blog.unifr.ch\/mathelier\/#website\"},\"datePublished\":\"2026-01-19T16:50:43+00:00\",\"dateModified\":\"2026-01-19T17:03:43+00:00\",\"breadcrumb\":{\"@id\":\"https:\/\/blog.unifr.ch\/mathelier\/projet-personnalise\/#breadcrumb\"},\"inLanguage\":\"fr-FR\",\"potentialAction\":[{\"@type\":\"ReadAction\",\"target\":[\"https:\/\/blog.unifr.ch\/mathelier\/projet-personnalise\/\"]}]},{\"@type\":\"BreadcrumbList\",\"@id\":\"https:\/\/blog.unifr.ch\/mathelier\/projet-personnalise\/#breadcrumb\",\"itemListElement\":[{\"@type\":\"ListItem\",\"position\":1,\"name\":\"Accueil\",\"item\":\"https:\/\/blog.unifr.ch\/mathelier\/\"},{\"@type\":\"ListItem\",\"position\":2,\"name\":\"Projet personnalis\u00e9\"}]},{\"@type\":\"WebSite\",\"@id\":\"https:\/\/blog.unifr.ch\/mathelier\/#website\",\"url\":\"https:\/\/blog.unifr.ch\/mathelier\/\",\"name\":\"Mathelier\",\"description\":\"Un site utilisant HEP Multisite\",\"potentialAction\":[{\"@type\":\"SearchAction\",\"target\":{\"@type\":\"EntryPoint\",\"urlTemplate\":\"https:\/\/blog.unifr.ch\/mathelier\/?s={search_term_string}\"},\"query-input\":{\"@type\":\"PropertyValueSpecification\",\"valueRequired\":true,\"valueName\":\"search_term_string\"}}],\"inLanguage\":\"fr-FR\"}]}<\/script>\n<!-- \/ Yoast SEO plugin. -->","yoast_head_json":{"title":"Projet personnalis\u00e9 - Mathelier","robots":{"index":"index","follow":"follow","max-snippet":"max-snippet:-1","max-image-preview":"max-image-preview:large","max-video-preview":"max-video-preview:-1"},"canonical":"https:\/\/blog.unifr.ch\/mathelier\/projet-personnalise\/","og_locale":"fr_FR","og_type":"article","og_title":"Projet personnalis\u00e9 - Mathelier","og_description":"Ce troisi\u00e8me axe est un peu diff\u00e9rent dans le sens o\u00f9 les enseignant.es sont invit\u00e9.es \u00e0 proposer des th\u00e9matiques sur lesquels ils.elles aimeraient obtenir des ressources ou simplement r\u00e9fl\u00e9chir \u00e0 l&rsquo;enseignement et l&rsquo;apprentissage de certains concepts math\u00e9matiques. Actuellement, nous sommes r\u00e9fl\u00e9chissons notamment \u00e0 l&rsquo;enseignement du th\u00e9or\u00e8me de Pythagore et d\u00e9velopper un mat\u00e9riel concret en se [&hellip;]","og_url":"https:\/\/blog.unifr.ch\/mathelier\/projet-personnalise\/","og_site_name":"Mathelier","article_modified_time":"2026-01-19T17:03:43+00:00","twitter_card":"summary_large_image","twitter_misc":{"Dur\u00e9e de lecture estim\u00e9e":"1 minute"},"schema":{"@context":"https:\/\/schema.org","@graph":[{"@type":"WebPage","@id":"https:\/\/blog.unifr.ch\/mathelier\/projet-personnalise\/","url":"https:\/\/blog.unifr.ch\/mathelier\/projet-personnalise\/","name":"Projet personnalis\u00e9 - Mathelier","isPartOf":{"@id":"https:\/\/blog.unifr.ch\/mathelier\/#website"},"datePublished":"2026-01-19T16:50:43+00:00","dateModified":"2026-01-19T17:03:43+00:00","breadcrumb":{"@id":"https:\/\/blog.unifr.ch\/mathelier\/projet-personnalise\/#breadcrumb"},"inLanguage":"fr-FR","potentialAction":[{"@type":"ReadAction","target":["https:\/\/blog.unifr.ch\/mathelier\/projet-personnalise\/"]}]},{"@type":"BreadcrumbList","@id":"https:\/\/blog.unifr.ch\/mathelier\/projet-personnalise\/#breadcrumb","itemListElement":[{"@type":"ListItem","position":1,"name":"Accueil","item":"https:\/\/blog.unifr.ch\/mathelier\/"},{"@type":"ListItem","position":2,"name":"Projet personnalis\u00e9"}]},{"@type":"WebSite","@id":"https:\/\/blog.unifr.ch\/mathelier\/#website","url":"https:\/\/blog.unifr.ch\/mathelier\/","name":"Mathelier","description":"Un site utilisant HEP Multisite","potentialAction":[{"@type":"SearchAction","target":{"@type":"EntryPoint","urlTemplate":"https:\/\/blog.unifr.ch\/mathelier\/?s={search_term_string}"},"query-input":{"@type":"PropertyValueSpecification","valueRequired":true,"valueName":"search_term_string"}}],"inLanguage":"fr-FR"}]}},"_links":{"self":[{"href":"https:\/\/blog.unifr.ch\/mathelier\/wp-json\/wp\/v2\/pages\/1057","targetHints":{"allow":["GET"]}}],"collection":[{"href":"https:\/\/blog.unifr.ch\/mathelier\/wp-json\/wp\/v2\/pages"}],"about":[{"href":"https:\/\/blog.unifr.ch\/mathelier\/wp-json\/wp\/v2\/types\/page"}],"author":[{"embeddable":true,"href":"https:\/\/blog.unifr.ch\/mathelier\/wp-json\/wp\/v2\/users\/15"}],"replies":[{"embeddable":true,"href":"https:\/\/blog.unifr.ch\/mathelier\/wp-json\/wp\/v2\/comments?post=1057"}],"version-history":[{"count":2,"href":"https:\/\/blog.unifr.ch\/mathelier\/wp-json\/wp\/v2\/pages\/1057\/revisions"}],"predecessor-version":[{"id":1327,"href":"https:\/\/blog.unifr.ch\/mathelier\/wp-json\/wp\/v2\/pages\/1057\/revisions\/1327"}],"wp:attachment":[{"href":"https:\/\/blog.unifr.ch\/mathelier\/wp-json\/wp\/v2\/media?parent=1057"}],"curies":[{"name":"wp","href":"https:\/\/api.w.org\/{rel}","templated":true}]}}