{"id":289,"date":"2020-03-10T14:10:14","date_gmt":"2020-03-10T13:10:14","guid":{"rendered":"https:\/\/blog.unifr.ch\/transformations\/?page_id=289"},"modified":"2025-11-28T18:00:39","modified_gmt":"2025-11-28T17:00:39","slug":"ressources","status":"publish","type":"page","link":"https:\/\/blog.unifr.ch\/transformations\/ressources\/","title":{"rendered":"Ressources"},"content":{"rendered":"<p>Les ressources que vous allez t\u00e9l\u00e9charger vont vous permettre d\u2019accompagner vos \u00e9l\u00e8ves, pas \u00e0 pas, \u00e0 travers une d\u00e9marche d&rsquo;investigation qui va vous conduire \u00e0 mettre en place un projet avec votre classe.<\/p>\n<p>Plus que des connaissances \u00e0 apprendre, ce sont d\u2019abord des comp\u00e9tences et des capacit\u00e9s que les \u00e9l\u00e8ves auront \u00e0 exercer autour de sujets d\u2019actualit\u00e9. Des propositions pour \u00e9valuer ces derni\u00e8res sont propos\u00e9es directement dans le guide de l&rsquo;enseignant\u00b7e. Elles conduisent \u00e0 des auto\u00e9valuations, mais \u00e9galement \u00e0 des co-\u00e9valuations afin de vous permettre de voir les \u00e9volutions de vos \u00e9l\u00e8ves au fil du temps.<\/p>\n<p>Venez d\u00e9couvrir les th\u00e9matiques que nous vous proposons!<\/p>\n","protected":false},"excerpt":{"rendered":"<p>Les ressources que vous allez t\u00e9l\u00e9charger vont vous permettre d\u2019accompagner vos \u00e9l\u00e8ves, pas \u00e0 pas, \u00e0 travers une d\u00e9marche d&rsquo;investigation qui va vous conduire \u00e0 mettre en place un projet avec votre classe. Plus que des connaissances \u00e0 apprendre, ce sont d\u2019abord des comp\u00e9tences et des capacit\u00e9s que les \u00e9l\u00e8ves auront \u00e0 exercer autour de [&hellip;]<\/p>\n","protected":false},"author":2,"featured_media":0,"parent":0,"menu_order":0,"comment_status":"closed","ping_status":"closed","template":"","meta":{"_acf_changed":false,"footnotes":""},"class_list":["post-289","page","type-page","status-publish","hentry"],"acf":[],"yoast_head":"<!-- This site is optimized with the Yoast SEO plugin v26.4 - https:\/\/yoast.com\/wordpress\/plugins\/seo\/ -->\n<title>Ressources - Transformations<\/title>\n<meta name=\"robots\" content=\"index, follow, max-snippet:-1, max-image-preview:large, max-video-preview:-1\" \/>\n<link rel=\"canonical\" href=\"https:\/\/blog.unifr.ch\/transformations\/ressources\/\" \/>\n<meta property=\"og:locale\" content=\"fr_FR\" \/>\n<meta property=\"og:type\" content=\"article\" \/>\n<meta property=\"og:title\" content=\"Ressources - Transformations\" \/>\n<meta property=\"og:description\" content=\"Les ressources que vous allez t\u00e9l\u00e9charger vont vous permettre d\u2019accompagner vos \u00e9l\u00e8ves, pas \u00e0 pas, \u00e0 travers une d\u00e9marche d&rsquo;investigation qui va vous conduire \u00e0 mettre en place un projet avec votre classe. Plus que des connaissances \u00e0 apprendre, ce sont d\u2019abord des comp\u00e9tences et des capacit\u00e9s que les \u00e9l\u00e8ves auront \u00e0 exercer autour de [&hellip;]\" \/>\n<meta property=\"og:url\" content=\"https:\/\/blog.unifr.ch\/transformations\/ressources\/\" \/>\n<meta property=\"og:site_name\" content=\"Transformations\" \/>\n<meta property=\"article:modified_time\" content=\"2025-11-28T17:00:39+00:00\" \/>\n<meta property=\"og:image\" content=\"https:\/\/blog.unifr.ch\/transformations\/wp-content\/uploads\/2019\/05\/Logo-Transformation-blanc.png\" \/>\n\t<meta property=\"og:image:width\" content=\"1436\" \/>\n\t<meta property=\"og:image:height\" content=\"622\" \/>\n\t<meta property=\"og:image:type\" content=\"image\/png\" \/>\n<meta name=\"twitter:card\" content=\"summary_large_image\" \/>\n<meta name=\"twitter:label1\" content=\"Dur\u00e9e de lecture estim\u00e9e\" \/>\n\t<meta name=\"twitter:data1\" content=\"1 minute\" \/>\n<script type=\"application\/ld+json\" class=\"yoast-schema-graph\">{\"@context\":\"https:\/\/schema.org\",\"@graph\":[{\"@type\":\"WebPage\",\"@id\":\"https:\/\/blog.unifr.ch\/transformations\/ressources\/\",\"url\":\"https:\/\/blog.unifr.ch\/transformations\/ressources\/\",\"name\":\"Ressources - Transformations\",\"isPartOf\":{\"@id\":\"https:\/\/blog.unifr.ch\/transformations\/#website\"},\"datePublished\":\"2020-03-10T13:10:14+00:00\",\"dateModified\":\"2025-11-28T17:00:39+00:00\",\"breadcrumb\":{\"@id\":\"https:\/\/blog.unifr.ch\/transformations\/ressources\/#breadcrumb\"},\"inLanguage\":\"fr-FR\",\"potentialAction\":[{\"@type\":\"ReadAction\",\"target\":[\"https:\/\/blog.unifr.ch\/transformations\/ressources\/\"]}]},{\"@type\":\"BreadcrumbList\",\"@id\":\"https:\/\/blog.unifr.ch\/transformations\/ressources\/#breadcrumb\",\"itemListElement\":[{\"@type\":\"ListItem\",\"position\":1,\"name\":\"Accueil\",\"item\":\"https:\/\/blog.unifr.ch\/transformations\/\"},{\"@type\":\"ListItem\",\"position\":2,\"name\":\"Ressources\"}]},{\"@type\":\"WebSite\",\"@id\":\"https:\/\/blog.unifr.ch\/transformations\/#website\",\"url\":\"https:\/\/blog.unifr.ch\/transformations\/\",\"name\":\"Transformations\",\"description\":\"Un site utilisant HEP Multisite\",\"potentialAction\":[{\"@type\":\"SearchAction\",\"target\":{\"@type\":\"EntryPoint\",\"urlTemplate\":\"https:\/\/blog.unifr.ch\/transformations\/?s={search_term_string}\"},\"query-input\":{\"@type\":\"PropertyValueSpecification\",\"valueRequired\":true,\"valueName\":\"search_term_string\"}}],\"inLanguage\":\"fr-FR\"}]}<\/script>\n<!-- \/ Yoast SEO plugin. -->","yoast_head_json":{"title":"Ressources - Transformations","robots":{"index":"index","follow":"follow","max-snippet":"max-snippet:-1","max-image-preview":"max-image-preview:large","max-video-preview":"max-video-preview:-1"},"canonical":"https:\/\/blog.unifr.ch\/transformations\/ressources\/","og_locale":"fr_FR","og_type":"article","og_title":"Ressources - Transformations","og_description":"Les ressources que vous allez t\u00e9l\u00e9charger vont vous permettre d\u2019accompagner vos \u00e9l\u00e8ves, pas \u00e0 pas, \u00e0 travers une d\u00e9marche d&rsquo;investigation qui va vous conduire \u00e0 mettre en place un projet avec votre classe. Plus que des connaissances \u00e0 apprendre, ce sont d\u2019abord des comp\u00e9tences et des capacit\u00e9s que les \u00e9l\u00e8ves auront \u00e0 exercer autour de [&hellip;]","og_url":"https:\/\/blog.unifr.ch\/transformations\/ressources\/","og_site_name":"Transformations","article_modified_time":"2025-11-28T17:00:39+00:00","og_image":[{"width":1436,"height":622,"url":"https:\/\/blog.unifr.ch\/transformations\/wp-content\/uploads\/2019\/05\/Logo-Transformation-blanc.png","type":"image\/png"}],"twitter_card":"summary_large_image","twitter_misc":{"Dur\u00e9e de lecture estim\u00e9e":"1 minute"},"schema":{"@context":"https:\/\/schema.org","@graph":[{"@type":"WebPage","@id":"https:\/\/blog.unifr.ch\/transformations\/ressources\/","url":"https:\/\/blog.unifr.ch\/transformations\/ressources\/","name":"Ressources - Transformations","isPartOf":{"@id":"https:\/\/blog.unifr.ch\/transformations\/#website"},"datePublished":"2020-03-10T13:10:14+00:00","dateModified":"2025-11-28T17:00:39+00:00","breadcrumb":{"@id":"https:\/\/blog.unifr.ch\/transformations\/ressources\/#breadcrumb"},"inLanguage":"fr-FR","potentialAction":[{"@type":"ReadAction","target":["https:\/\/blog.unifr.ch\/transformations\/ressources\/"]}]},{"@type":"BreadcrumbList","@id":"https:\/\/blog.unifr.ch\/transformations\/ressources\/#breadcrumb","itemListElement":[{"@type":"ListItem","position":1,"name":"Accueil","item":"https:\/\/blog.unifr.ch\/transformations\/"},{"@type":"ListItem","position":2,"name":"Ressources"}]},{"@type":"WebSite","@id":"https:\/\/blog.unifr.ch\/transformations\/#website","url":"https:\/\/blog.unifr.ch\/transformations\/","name":"Transformations","description":"Un site utilisant HEP Multisite","potentialAction":[{"@type":"SearchAction","target":{"@type":"EntryPoint","urlTemplate":"https:\/\/blog.unifr.ch\/transformations\/?s={search_term_string}"},"query-input":{"@type":"PropertyValueSpecification","valueRequired":true,"valueName":"search_term_string"}}],"inLanguage":"fr-FR"}]}},"_links":{"self":[{"href":"https:\/\/blog.unifr.ch\/transformations\/wp-json\/wp\/v2\/pages\/289","targetHints":{"allow":["GET"]}}],"collection":[{"href":"https:\/\/blog.unifr.ch\/transformations\/wp-json\/wp\/v2\/pages"}],"about":[{"href":"https:\/\/blog.unifr.ch\/transformations\/wp-json\/wp\/v2\/types\/page"}],"author":[{"embeddable":true,"href":"https:\/\/blog.unifr.ch\/transformations\/wp-json\/wp\/v2\/users\/2"}],"replies":[{"embeddable":true,"href":"https:\/\/blog.unifr.ch\/transformations\/wp-json\/wp\/v2\/comments?post=289"}],"version-history":[{"count":14,"href":"https:\/\/blog.unifr.ch\/transformations\/wp-json\/wp\/v2\/pages\/289\/revisions"}],"predecessor-version":[{"id":689,"href":"https:\/\/blog.unifr.ch\/transformations\/wp-json\/wp\/v2\/pages\/289\/revisions\/689"}],"wp:attachment":[{"href":"https:\/\/blog.unifr.ch\/transformations\/wp-json\/wp\/v2\/media?parent=289"}],"curies":[{"name":"wp","href":"https:\/\/api.w.org\/{rel}","templated":true}]}}